Last updated on 2025-07-17 21:50:51 CEST.
Flavor | Version | Tinstall | Tcheck | Ttotal | Status | Flags |
---|---|---|---|---|---|---|
r-devel-linux-x86_64-debian-clang | 0.1.1 | 10.30 | 53.95 | 64.25 | NOTE | |
r-devel-linux-x86_64-debian-gcc | 0.1.1 | 7.02 | 42.32 | 49.34 | NOTE | |
r-devel-linux-x86_64-fedora-clang | 0.1.1 | 98.50 | OK | |||
r-devel-linux-x86_64-fedora-gcc | 0.1.1 | 110.18 | OK | |||
r-devel-windows-x86_64 | 0.1.1 | 10.00 | 68.00 | 78.00 | OK | |
r-patched-linux-x86_64 | 0.1.1 | 10.26 | 50.00 | 60.26 | OK | |
r-release-linux-x86_64 | 0.1.1 | 10.54 | 50.29 | 60.83 | OK | |
r-release-macos-arm64 | 0.1.1 | 52.00 | OK | |||
r-release-macos-x86_64 | 0.1.1 | 82.00 | OK | |||
r-release-windows-x86_64 | 0.1.1 | 11.00 | 64.00 | 75.00 | OK | |
r-oldrel-macos-arm64 | 0.1.1 | 47.00 | OK | |||
r-oldrel-macos-x86_64 | 0.1.1 | 61.00 | OK | |||
r-oldrel-windows-x86_64 | 0.1.1 | 14.00 | 81.00 | 95.00 | OK |
Version: 0.1.1
Check: CRAN incoming feasibility
Result: NOTE
Maintainer: ‘Dmitriy Selivanov <selivanov.dmitriy@gmail.com>’
No Authors@R field in DESCRIPTION.
Please add one, modifying
Authors@R: person(given = "Dmitriy",
family = "Selivanov",
role = c("aut", "cre"),
email = "selivanov.dmitriy@gmail.com")
as necessary.
Flavors: r-devel-linux-x86_64-debian-clang, r-devel-linux-x86_64-debian-gcc