Last updated on 2025-10-26 13:50:01 CET.
| Flavor | Version | Tinstall | Tcheck | Ttotal | Status | Flags |
|---|---|---|---|---|---|---|
| r-devel-linux-x86_64-debian-clang | 1.2.7.1 | 7.58 | 41.54 | 49.12 | NOTE | |
| r-devel-linux-x86_64-debian-gcc | 1.2.7.1 | 4.55 | 29.51 | 34.06 | NOTE | |
| r-devel-linux-x86_64-fedora-clang | 1.2.7.1 | 22.00 | 54.05 | 76.05 | NOTE | |
| r-devel-linux-x86_64-fedora-gcc | 1.2.7.1 | 18.00 | 53.75 | 71.75 | NOTE | |
| r-devel-windows-x86_64 | 1.2.7.1 | 11.00 | 59.00 | 70.00 | NOTE | |
| r-patched-linux-x86_64 | 1.2.7.1 | 7.39 | 39.30 | 46.69 | NOTE | |
| r-release-linux-x86_64 | 1.2.7.1 | 6.59 | 39.97 | 46.56 | NOTE | |
| r-release-macos-arm64 | 1.2.7.1 | 6.00 | 24.00 | 30.00 | NOTE | |
| r-release-macos-x86_64 | 1.2.7.1 | 9.00 | 42.00 | 51.00 | NOTE | |
| r-release-windows-x86_64 | 1.2.7.1 | 11.00 | 61.00 | 72.00 | NOTE | |
| r-oldrel-macos-arm64 | 1.2.7.1 | 4.00 | 21.00 | 25.00 | NOTE | |
| r-oldrel-macos-x86_64 | 1.2.7.1 | 12.00 | 35.00 | 47.00 | NOTE | |
| r-oldrel-windows-x86_64 | 1.2.7.1 | 13.00 | 70.00 | 83.00 | NOTE |
Version: 1.2.7.1
Check: Rd files
Result: NOTE
checkRd: (-1) SLD.Rd:20: Escaped LaTeX specials: \&
Flavors: r-devel-linux-x86_64-debian-clang, r-devel-linux-x86_64-debian-gcc, r-devel-linux-x86_64-fedora-clang, r-devel-linux-x86_64-fedora-gcc, r-devel-windows-x86_64, r-patched-linux-x86_64, r-release-linux-x86_64, r-release-macos-arm64, r-release-macos-x86_64, r-release-windows-x86_64, r-oldrel-macos-arm64, r-oldrel-macos-x86_64, r-oldrel-windows-x86_64