Last updated on 2025-11-26 05:51:42 CET.
| Flavor | Version | Tinstall | Tcheck | Ttotal | Status | Flags |
|---|---|---|---|---|---|---|
| r-devel-linux-x86_64-debian-clang | 0.9-2 | 31.76 | 288.72 | 320.48 | OK | |
| r-devel-linux-x86_64-debian-gcc | 0.9-2 | 22.61 | 211.15 | 233.76 | OK | |
| r-devel-linux-x86_64-fedora-clang | 0.9-2 | 81.00 | 419.72 | 500.72 | OK | |
| r-devel-linux-x86_64-fedora-gcc | 0.9-2 | 61.00 | 420.99 | 481.99 | OK | |
| r-devel-windows-x86_64 | 0.9-2 | 36.00 | 251.00 | 287.00 | OK | |
| r-patched-linux-x86_64 | 0.9-2 | 27.92 | 275.61 | 303.53 | OK | |
| r-release-linux-x86_64 | 0.9-2 | 29.47 | 278.04 | 307.51 | OK | |
| r-release-macos-arm64 | 0.9-2 | OK | ||||
| r-release-macos-x86_64 | 0.9-2 | 24.00 | 224.00 | 248.00 | OK | |
| r-release-windows-x86_64 | 0.9-2 | 4.00 | 5.00 | 9.00 | ERROR | |
| r-oldrel-macos-arm64 | 0.9-2 | OK | ||||
| r-oldrel-macos-x86_64 | 0.9-2 | 27.00 | 261.00 | 288.00 | OK | |
| r-oldrel-windows-x86_64 | 0.9-2 | 39.00 | 357.00 | 396.00 | OK |
Version: 0.9-2
Check: whether package can be installed
Result: ERROR
Installation failed.
Flavor: r-release-windows-x86_64