Last updated on 2025-10-25 17:48:42 CEST.
| Flavor | Version | Tinstall | Tcheck | Ttotal | Status | Flags |
|---|---|---|---|---|---|---|
| r-devel-linux-x86_64-debian-clang | 0.4-5 | 15.60 | 170.14 | 185.74 | NOTE | |
| r-devel-linux-x86_64-debian-gcc | 0.4-5 | 11.36 | 116.67 | 128.03 | NOTE | |
| r-devel-linux-x86_64-fedora-clang | 0.4-5 | 90.00 | 205.38 | 295.38 | OK | |
| r-devel-linux-x86_64-fedora-gcc | 0.4-5 | 31.00 | 247.35 | 278.35 | OK | |
| r-devel-windows-x86_64 | 0.4-5 | 16.00 | 165.00 | 181.00 | OK | |
| r-patched-linux-x86_64 | 0.4-5 | 14.30 | 156.55 | 170.85 | OK | |
| r-release-linux-x86_64 | 0.4-5 | 14.33 | 157.46 | 171.79 | OK | |
| r-release-macos-arm64 | 0.4-5 | 6.00 | 78.00 | 84.00 | OK | |
| r-release-macos-x86_64 | 0.4-5 | 12.00 | 145.00 | 157.00 | OK | |
| r-release-windows-x86_64 | 0.4-5 | 15.00 | 167.00 | 182.00 | OK | |
| r-oldrel-macos-arm64 | 0.4-5 | 7.00 | 76.00 | 83.00 | OK | |
| r-oldrel-macos-x86_64 | 0.4-5 | 10.00 | 112.00 | 122.00 | OK | |
| r-oldrel-windows-x86_64 | 0.4-5 | 20.00 | 214.00 | 234.00 | OK |
Version: 0.4-5
Check: CRAN incoming feasibility
Result: NOTE
Maintainer: ‘Simon Grund <simon.grund@uni-hamburg.de>’
No Authors@R field in DESCRIPTION.
Please add one, modifying
Authors@R: c(person(given = "Simon",
family = "Grund",
role = c("aut", "cre"),
email = "simon.grund@uni-hamburg.de"),
person(given = "Alexander",
family = "Robitzsch",
role = "aut"),
person(given = "Oliver",
family = "Luedtke",
role = "aut"))
as necessary.
Flavors: r-devel-linux-x86_64-debian-clang, r-devel-linux-x86_64-debian-gcc