Last updated on 2025-10-26 13:50:01 CET.
| Flavor | Version | Tinstall | Tcheck | Ttotal | Status | Flags |
|---|---|---|---|---|---|---|
| r-devel-linux-x86_64-debian-clang | 1.0.1 | 5.84 | 57.27 | 63.11 | NOTE | |
| r-devel-linux-x86_64-debian-gcc | 1.0.1 | 4.04 | 43.43 | 47.47 | NOTE | |
| r-devel-linux-x86_64-fedora-clang | 1.0.1 | 30.00 | 72.86 | 102.86 | OK | |
| r-devel-linux-x86_64-fedora-gcc | 1.0.1 | 11.00 | 81.66 | 92.66 | OK | |
| r-devel-windows-x86_64 | 1.0.1 | 8.00 | 67.00 | 75.00 | OK | |
| r-patched-linux-x86_64 | 1.0.1 | 5.27 | 54.69 | 59.96 | OK | |
| r-release-linux-x86_64 | 1.0.1 | 4.36 | 54.56 | 58.92 | OK | |
| r-release-macos-arm64 | 1.0.1 | 3.00 | 23.00 | 26.00 | OK | |
| r-release-macos-x86_64 | 1.0.1 | 4.00 | 40.00 | 44.00 | OK | |
| r-release-windows-x86_64 | 1.0.1 | 8.00 | 68.00 | 76.00 | OK | |
| r-oldrel-macos-arm64 | 1.0.1 | 2.00 | 24.00 | 26.00 | OK | |
| r-oldrel-macos-x86_64 | 1.0.1 | 4.00 | 32.00 | 36.00 | OK | |
| r-oldrel-windows-x86_64 | 1.0.1 | 11.00 | 88.00 | 99.00 | OK |
Version: 1.0.1
Check: CRAN incoming feasibility
Result: NOTE
Maintainer: ‘Moritz Marbach <moritz.marbach@tamu.edu>’
No Authors@R field in DESCRIPTION.
Please add one, modifying
Authors@R: person(given = "Moritz",
family = "Marbach",
role = c("aut", "cre"),
email = "moritz.marbach@tamu.edu")
as necessary.
The Description field contains
<arXiv:2107.05427>.
Please refer to arXiv e-prints via their arXiv DOI <doi:10.48550/arXiv.YYMM.NNNNN>.
Flavors: r-devel-linux-x86_64-debian-clang, r-devel-linux-x86_64-debian-gcc