CRAN Package Check Results for Package mineCitrus

Last updated on 2025-10-26 13:50:01 CET.

Flavor Version Tinstall Tcheck Ttotal Status Flags
r-devel-linux-x86_64-debian-clang 1.0.0 5.50 61.44 66.94 NOTE
r-devel-linux-x86_64-debian-gcc 1.0.0 4.47 44.04 48.51 NOTE
r-devel-linux-x86_64-fedora-clang 1.0.0 14.00 89.81 103.81 OK
r-devel-linux-x86_64-fedora-gcc 1.0.0 14.00 85.25 99.25 OK
r-devel-windows-x86_64 1.0.0 8.00 76.00 84.00 OK
r-patched-linux-x86_64 1.0.0 5.36 56.48 61.84 OK
r-release-linux-x86_64 1.0.0 5.16 57.79 62.95 OK
r-release-macos-arm64 1.0.0 4.00 36.00 40.00 OK
r-release-macos-x86_64 1.0.0 4.00 36.00 40.00 OK
r-release-windows-x86_64 1.0.0 9.00 75.00 84.00 OK
r-oldrel-macos-arm64 1.0.0 4.00 25.00 29.00 NOTE
r-oldrel-macos-x86_64 1.0.0 5.00 33.00 38.00 NOTE
r-oldrel-windows-x86_64 1.0.0 11.00 91.00 102.00 OK

Check Details

Version: 1.0.0
Check: CRAN incoming feasibility
Result: NOTE Maintainer: ‘Allison Throm <throm@wustl.edu>’ No Authors@R field in DESCRIPTION. Please add one, modifying Authors@R: person(given = "Allison", family = "Throm", role = c("aut", "cre"), email = "throm@wustl.edu") as necessary. Flavors: r-devel-linux-x86_64-debian-clang, r-devel-linux-x86_64-debian-gcc

Version: 1.0.0
Check: installed package size
Result: NOTE installed size is 5.6Mb sub-directories of 1Mb or more: data 5.5Mb Flavors: r-oldrel-macos-arm64, r-oldrel-macos-x86_64