Last updated on 2025-10-25 17:48:42 CEST.
| Flavor | Version | Tinstall | Tcheck | Ttotal | Status | Flags |
|---|---|---|---|---|---|---|
| r-devel-linux-x86_64-debian-clang | 0.7.1 | 99.35 | 82.94 | 182.29 | OK | |
| r-devel-linux-x86_64-debian-gcc | 0.7.1 | 70.87 | 62.50 | 133.37 | OK | |
| r-devel-linux-x86_64-fedora-clang | 0.7.1 | 257.00 | 76.28 | 333.28 | OK | |
| r-devel-linux-x86_64-fedora-gcc | 0.7.1 | 130.00 | 207.84 | 337.84 | OK | |
| r-devel-windows-x86_64 | 0.7.1 | 113.00 | 115.00 | 228.00 | OK | |
| r-patched-linux-x86_64 | 0.7.1 | 98.97 | 85.26 | 184.23 | OK | |
| r-release-linux-x86_64 | 0.7.1 | 102.04 | 85.70 | 187.74 | OK | |
| r-release-macos-arm64 | 0.7.1 | 35.00 | 39.00 | 74.00 | OK | |
| r-release-macos-x86_64 | 0.7.1 | 29.00 | 88.00 | 117.00 | OK | |
| r-release-windows-x86_64 | 0.7.1 | 119.00 | 108.00 | 227.00 | OK | |
| r-oldrel-macos-arm64 | 0.7.1 | 39.00 | 77.00 | 116.00 | NOTE | |
| r-oldrel-macos-x86_64 | 0.7.1 | 35.00 | 94.00 | 129.00 | NOTE | |
| r-oldrel-windows-x86_64 | 0.7.1 | 137.00 | 146.00 | 283.00 | OK |
Version: 0.7.1
Check: installed package size
Result: NOTE
installed size is 15.0Mb
sub-directories of 1Mb or more:
libs 14.4Mb
Flavors: r-oldrel-macos-arm64, r-oldrel-macos-x86_64