Last updated on 2025-10-25 17:48:42 CEST.
| Flavor | Version | Tinstall | Tcheck | Ttotal | Status | Flags |
|---|---|---|---|---|---|---|
| r-devel-linux-x86_64-debian-clang | 0.2.0 | 2.09 | 50.99 | 53.08 | NOTE | |
| r-devel-linux-x86_64-debian-gcc | 0.2.0 | 1.48 | 36.16 | 37.64 | NOTE | |
| r-devel-linux-x86_64-fedora-clang | 0.2.0 | 79.99 | NOTE | |||
| r-devel-linux-x86_64-fedora-gcc | 0.2.0 | 89.57 | NOTE | |||
| r-devel-windows-x86_64 | 0.2.0 | 4.00 | 66.00 | 70.00 | NOTE | |
| r-patched-linux-x86_64 | 0.2.0 | 2.05 | 46.78 | 48.83 | NOTE | |
| r-release-linux-x86_64 | 0.2.0 | 2.06 | 46.61 | 48.67 | NOTE | |
| r-release-macos-arm64 | 0.2.0 | 2.00 | 53.00 | 55.00 | NOTE | |
| r-release-macos-x86_64 | 0.2.0 | 2.00 | 53.00 | 55.00 | NOTE | |
| r-release-windows-x86_64 | 0.2.0 | 5.00 | 66.00 | 71.00 | NOTE | |
| r-oldrel-macos-arm64 | 0.2.0 | 1.00 | 42.00 | 43.00 | OK | |
| r-oldrel-macos-x86_64 | 0.2.0 | 2.00 | 64.00 | 66.00 | OK | |
| r-oldrel-windows-x86_64 | 0.2.0 | 5.00 | 85.00 | 90.00 | OK |
Version: 0.2.0
Check: DESCRIPTION meta-information
Result: NOTE
Missing dependency on R >= 4.1.0 because package code uses the pipe
|> or function shorthand \(...) syntax added in R 4.1.0.
File(s) using such syntax:
‘micer.R’
Flavors: r-devel-linux-x86_64-debian-clang, r-devel-linux-x86_64-debian-gcc, r-devel-linux-x86_64-fedora-clang, r-devel-linux-x86_64-fedora-gcc, r-devel-windows-x86_64, r-patched-linux-x86_64, r-release-linux-x86_64, r-release-macos-arm64, r-release-macos-x86_64, r-release-windows-x86_64