Last updated on 2025-10-25 17:48:42 CEST.
| Flavor | Version | Tinstall | Tcheck | Ttotal | Status | Flags |
|---|---|---|---|---|---|---|
| r-devel-linux-x86_64-debian-clang | 1.1.2 | 3.14 | 34.09 | 37.23 | NOTE | |
| r-devel-linux-x86_64-debian-gcc | 1.1.2 | 2.13 | 27.63 | 29.76 | NOTE | |
| r-devel-linux-x86_64-fedora-clang | 1.1.2 | 58.87 | OK | |||
| r-devel-linux-x86_64-fedora-gcc | 1.1.2 | 67.73 | OK | |||
| r-devel-windows-x86_64 | 1.1.2 | 5.00 | 56.00 | 61.00 | OK | |
| r-patched-linux-x86_64 | 1.1.2 | 3.65 | 32.18 | 35.83 | OK | |
| r-release-linux-x86_64 | 1.1.2 | 2.83 | 32.33 | 35.16 | OK | |
| r-release-macos-arm64 | 1.1.2 | 2.00 | 28.00 | 30.00 | OK | |
| r-release-macos-x86_64 | 1.1.2 | 3.00 | 49.00 | 52.00 | OK | |
| r-release-windows-x86_64 | 1.1.2 | 5.00 | 58.00 | 63.00 | OK | |
| r-oldrel-macos-arm64 | 1.1.2 | 2.00 | 25.00 | 27.00 | OK | |
| r-oldrel-macos-x86_64 | 1.1.2 | 2.00 | 39.00 | 41.00 | OK | |
| r-oldrel-windows-x86_64 | 1.1.2 | 6.00 | 67.00 | 73.00 | OK |
Version: 1.1.2
Check: CRAN incoming feasibility
Result: NOTE
Maintainer: ‘Yannick Marcon <yannick.marcon@obiba.org>’
The BugReports field in DESCRIPTION has
https://github.com/obiba/micar
which should likely be
https://github.com/obiba/micar/issues
instead.
Flavors: r-devel-linux-x86_64-debian-clang, r-devel-linux-x86_64-debian-gcc