Last updated on 2025-10-25 13:48:42 CEST.
| Flavor | Version | Tinstall | Tcheck | Ttotal | Status | Flags |
|---|---|---|---|---|---|---|
| r-devel-linux-x86_64-debian-clang | 0.1-8 | 1.59 | 22.21 | 23.80 | NOTE | |
| r-devel-linux-x86_64-debian-gcc | 0.1-8 | 1.35 | 18.35 | 19.70 | NOTE | |
| r-devel-linux-x86_64-fedora-clang | 0.1-8 | 37.45 | OK | |||
| r-devel-linux-x86_64-fedora-gcc | 0.1-8 | 35.51 | OK | |||
| r-devel-windows-x86_64 | 0.1-8 | 2.00 | 40.00 | 42.00 | OK | |
| r-patched-linux-x86_64 | 0.1-8 | 1.68 | 20.94 | 22.62 | OK | |
| r-release-linux-x86_64 | 0.1-8 | 1.48 | 21.10 | 22.58 | OK | |
| r-release-macos-arm64 | 0.1-8 | 1.00 | 17.00 | 18.00 | OK | |
| r-release-macos-x86_64 | 0.1-8 | 2.00 | 23.00 | 25.00 | OK | |
| r-release-windows-x86_64 | 0.1-8 | 3.00 | 43.00 | 46.00 | OK | |
| r-oldrel-macos-arm64 | 0.1-8 | 1.00 | 13.00 | 14.00 | OK | |
| r-oldrel-macos-x86_64 | 0.1-8 | 2.00 | 25.00 | 27.00 | OK | |
| r-oldrel-windows-x86_64 | 0.1-8 | 4.00 | 47.00 | 51.00 | OK |
Version: 0.1-8
Check: CRAN incoming feasibility
Result: NOTE
Maintainer: ‘Arne Henningsen <arne.henningsen@gmail.com>’
No Authors@R field in DESCRIPTION.
Please add one, modifying
Authors@R: person(given = "Arne",
family = "Henningsen",
role = c("aut", "cre"),
email = "arne.henningsen@gmail.com")
as necessary.
Flavors: r-devel-linux-x86_64-debian-clang, r-devel-linux-x86_64-debian-gcc