Last updated on 2025-10-26 09:50:01 CET.
| Flavor | Version | Tinstall | Tcheck | Ttotal | Status | Flags |
|---|---|---|---|---|---|---|
| r-devel-linux-x86_64-debian-clang | 1.1 | 89.24 | 399.38 | 488.62 | OK | |
| r-devel-linux-x86_64-debian-gcc | 1.1 | 67.35 | 263.96 | 331.31 | OK | |
| r-devel-linux-x86_64-fedora-clang | 1.1 | 250.00 | 552.37 | 802.37 | OK | |
| r-devel-linux-x86_64-fedora-gcc | 1.1 | 224.00 | 565.78 | 789.78 | OK | |
| r-devel-windows-x86_64 | 1.1 | 89.00 | 332.00 | 421.00 | OK | |
| r-patched-linux-x86_64 | 1.1 | 91.85 | 386.82 | 478.67 | OK | |
| r-release-linux-x86_64 | 1.1 | 88.74 | 386.51 | 475.25 | OK | |
| r-release-macos-arm64 | 1.1 | 38.00 | 140.00 | 178.00 | OK | |
| r-release-macos-x86_64 | 1.1 | 107.00 | 195.00 | 302.00 | OK | |
| r-release-windows-x86_64 | 1.1 | 86.00 | 333.00 | 419.00 | OK | |
| r-oldrel-macos-arm64 | 1.1 | 40.00 | 131.00 | 171.00 | NOTE | |
| r-oldrel-macos-x86_64 | 1.1 | 84.00 | 281.00 | 365.00 | NOTE | |
| r-oldrel-windows-x86_64 | 1.1 | 118.00 | 455.00 | 573.00 | NOTE |
Version: 1.1
Check: installed package size
Result: NOTE
installed size is 25.3Mb
sub-directories of 1Mb or more:
doc 3.9Mb
libs 20.7Mb
Flavors: r-oldrel-macos-arm64, r-oldrel-macos-x86_64, r-oldrel-windows-x86_64