Last updated on 2025-11-27 05:49:37 CET.
| Flavor | Version | Tinstall | Tcheck | Ttotal | Status | Flags |
|---|---|---|---|---|---|---|
| r-devel-linux-x86_64-debian-clang | 1.2 | 15.41 | 64.66 | 80.07 | NOTE | |
| r-devel-linux-x86_64-debian-gcc | 1.2 | 11.41 | 49.54 | 60.95 | NOTE | |
| r-devel-linux-x86_64-fedora-clang | 1.2 | 57.00 | 71.61 | 128.61 | NOTE | |
| r-devel-linux-x86_64-fedora-gcc | 1.2 | 41.00 | 81.83 | 122.83 | NOTE | |
| r-devel-windows-x86_64 | 1.2 | 24.00 | 85.00 | 109.00 | NOTE | |
| r-patched-linux-x86_64 | 1.2 | 16.51 | 61.24 | 77.75 | NOTE | |
| r-release-linux-x86_64 | 1.2 | 17.04 | 61.80 | 78.84 | NOTE | |
| r-release-macos-arm64 | 1.2 | NOTE | ||||
| r-release-macos-x86_64 | 1.2 | 13.00 | 83.00 | 96.00 | NOTE | |
| r-release-windows-x86_64 | 1.2 | 21.00 | 86.00 | 107.00 | NOTE | |
| r-oldrel-macos-arm64 | 1.2 | NOTE | ||||
| r-oldrel-macos-x86_64 | 1.2 | 12.00 | 62.00 | 74.00 | NOTE | |
| r-oldrel-windows-x86_64 | 1.2 | 24.00 | 114.00 | 138.00 | NOTE |
Version: 1.2
Check: CRAN incoming feasibility
Result: NOTE
Maintainer: ‘Martin Siebenborn <martin.siebenborn@uni-hamburg.de>’
The BugReports field in DESCRIPTION has
https://github.com/SplineSmoothing/MGSS
which should likely be
https://github.com/SplineSmoothing/MGSS/issues
instead.
Flavors: r-devel-linux-x86_64-debian-clang, r-devel-linux-x86_64-debian-gcc
Version: 1.2
Check: C++ specification
Result: NOTE
Specified C++14: please drop specification unless essential
Flavors: r-devel-linux-x86_64-debian-clang, r-devel-linux-x86_64-debian-gcc, r-devel-windows-x86_64, r-patched-linux-x86_64, r-release-linux-x86_64, r-release-macos-arm64, r-release-macos-x86_64, r-release-windows-x86_64, r-oldrel-macos-arm64, r-oldrel-macos-x86_64, r-oldrel-windows-x86_64
Version: 1.2
Check: C++ specification
Result: NOTE
Specified C++14: support will be removed soon
Flavors: r-devel-linux-x86_64-fedora-clang, r-devel-linux-x86_64-fedora-gcc