Last updated on 2025-10-25 13:48:42 CEST.
| Flavor | Version | Tinstall | Tcheck | Ttotal | Status | Flags |
|---|---|---|---|---|---|---|
| r-devel-linux-x86_64-debian-clang | 0.1.2 | 3.66 | 33.89 | 37.55 | OK | |
| r-devel-linux-x86_64-debian-gcc | 0.1.2 | 2.79 | 27.05 | 29.84 | OK | |
| r-devel-linux-x86_64-fedora-clang | 0.1.2 | 11.00 | 44.74 | 55.74 | OK | |
| r-devel-linux-x86_64-fedora-gcc | 0.1.2 | 51.78 | OK | |||
| r-devel-windows-x86_64 | 0.1.2 | 5.00 | 47.00 | 52.00 | OK | |
| r-patched-linux-x86_64 | 0.1.2 | 3.04 | 31.23 | 34.27 | OK | |
| r-release-linux-x86_64 | 0.1.2 | 3.61 | 30.90 | 34.51 | OK | |
| r-release-macos-arm64 | 0.1.2 | 2.00 | 19.00 | 21.00 | OK | |
| r-release-macos-x86_64 | 0.1.2 | 4.00 | 30.00 | 34.00 | OK | |
| r-release-windows-x86_64 | 0.1.2 | 6.00 | 50.00 | 56.00 | OK | |
| r-oldrel-macos-arm64 | 0.1.2 | 2.00 | 19.00 | 21.00 | NOTE | |
| r-oldrel-macos-x86_64 | 0.1.2 | 3.00 | 30.00 | 33.00 | NOTE | |
| r-oldrel-windows-x86_64 | 0.1.2 | 8.00 | 59.00 | 67.00 | NOTE |
Version: 0.1.2
Check: LazyData
Result: NOTE
'LazyData' is specified without a 'data' directory
Flavors: r-oldrel-macos-arm64, r-oldrel-macos-x86_64, r-oldrel-windows-x86_64