CRAN Package Check Results for Package metapro

Last updated on 2025-07-12 13:48:31 CEST.

Flavor Version Tinstall Tcheck Ttotal Status Flags
r-devel-linux-x86_64-debian-clang 1.5.11 7.81 78.28 86.09 NOTE
r-devel-linux-x86_64-debian-gcc 1.5.11 7.01 59.41 66.42 NOTE
r-devel-linux-x86_64-fedora-clang 1.5.11 132.99 OK
r-devel-linux-x86_64-fedora-gcc 1.5.11 125.10 OK
r-devel-windows-x86_64 1.5.11 10.00 84.00 94.00 OK
r-patched-linux-x86_64 1.5.11 8.99 74.83 83.82 OK
r-release-linux-x86_64 1.5.11 6.38 75.81 82.19 OK
r-release-macos-arm64 1.5.11 40.00 OK
r-release-macos-x86_64 1.5.11 82.00 OK
r-release-windows-x86_64 1.5.11 10.00 83.00 93.00 OK
r-oldrel-macos-arm64 1.5.11 36.00 OK
r-oldrel-macos-x86_64 1.5.11 58.00 OK
r-oldrel-windows-x86_64 1.5.11 13.00 103.00 116.00 OK

Check Details

Version: 1.5.11
Check: CRAN incoming feasibility
Result: NOTE Maintainer: ‘Sora Yoon <ysora90@gmail.com>’ No Authors@R field in DESCRIPTION. Please add one, modifying Authors@R: person(given = "Sora", family = "Yoon", role = c("aut", "cre"), email = "ysora90@gmail.com") as necessary. Flavors: r-devel-linux-x86_64-debian-clang, r-devel-linux-x86_64-debian-gcc