Last updated on 2025-10-26 05:50:02 CET.
| Flavor | Version | Tinstall | Tcheck | Ttotal | Status | Flags |
|---|---|---|---|---|---|---|
| r-devel-linux-x86_64-debian-clang | 4.8-0 | 70.51 | 548.90 | 619.41 | OK | |
| r-devel-linux-x86_64-debian-gcc | 4.8-0 | 45.40 | 320.53 | 365.93 | OK | |
| r-devel-linux-x86_64-fedora-clang | 4.8-0 | 383.00 | 659.61 | 1042.61 | OK | |
| r-devel-linux-x86_64-fedora-gcc | 4.8-0 | 395.00 | 662.35 | 1057.35 | OK | |
| r-devel-windows-x86_64 | 4.8-0 | 71.00 | 457.00 | 528.00 | OK | |
| r-patched-linux-x86_64 | 4.8-0 | 78.86 | 529.73 | 608.59 | OK | |
| r-release-linux-x86_64 | 4.8-0 | 75.07 | 521.20 | 596.27 | OK | |
| r-release-macos-arm64 | 4.8-0 | 40.00 | 195.00 | 235.00 | OK | |
| r-release-macos-x86_64 | 4.8-0 | 80.00 | 449.00 | 529.00 | OK | |
| r-release-windows-x86_64 | 4.8-0 | 70.00 | 454.00 | 524.00 | OK | |
| r-oldrel-macos-arm64 | 4.8-0 | 28.00 | 175.00 | 203.00 | NOTE | |
| r-oldrel-macos-x86_64 | 4.8-0 | 67.00 | 379.00 | 446.00 | NOTE | |
| r-oldrel-windows-x86_64 | 4.8-0 | 102.00 | 636.00 | 738.00 | NOTE |
Version: 4.8-0
Check: installed package size
Result: NOTE
installed size is 6.2Mb
sub-directories of 1Mb or more:
R 3.1Mb
help 2.3Mb
Flavors: r-oldrel-macos-arm64, r-oldrel-macos-x86_64, r-oldrel-windows-x86_64