Last updated on 2025-10-25 09:49:35 CEST.
| Flavor | Version | Tinstall | Tcheck | Ttotal | Status | Flags |
|---|---|---|---|---|---|---|
| r-devel-linux-x86_64-debian-clang | 0.1.0 | 4.04 | 37.80 | 41.84 | OK | |
| r-devel-linux-x86_64-debian-gcc | 0.1.0 | 2.96 | 28.02 | 30.98 | OK | |
| r-devel-linux-x86_64-fedora-clang | 0.1.0 | 14.00 | 49.15 | 63.15 | OK | |
| r-devel-linux-x86_64-fedora-gcc | 0.1.0 | 56.65 | OK | |||
| r-devel-windows-x86_64 | 0.1.0 | 6.00 | 51.00 | 57.00 | OK | |
| r-patched-linux-x86_64 | 0.1.0 | 3.67 | 33.90 | 37.57 | OK | |
| r-release-linux-x86_64 | 0.1.0 | 4.03 | 33.73 | 37.76 | OK | |
| r-release-macos-arm64 | 0.1.0 | 3.00 | 30.00 | 33.00 | OK | |
| r-release-macos-x86_64 | 0.1.0 | 5.00 | 34.00 | 39.00 | OK | |
| r-release-windows-x86_64 | 0.1.0 | 6.00 | 54.00 | 60.00 | OK | |
| r-oldrel-macos-arm64 | 0.1.0 | 2.00 | 19.00 | 21.00 | NOTE | |
| r-oldrel-macos-x86_64 | 0.1.0 | 5.00 | 43.00 | 48.00 | NOTE | |
| r-oldrel-windows-x86_64 | 0.1.0 | 7.00 | 62.00 | 69.00 | NOTE |
Version: 0.1.0
Check: LazyData
Result: NOTE
'LazyData' is specified without a 'data' directory
Flavors: r-oldrel-macos-arm64, r-oldrel-macos-x86_64, r-oldrel-windows-x86_64