Last updated on 2025-10-25 05:50:08 CEST.
| Flavor | Version | Tinstall | Tcheck | Ttotal | Status | Flags |
|---|---|---|---|---|---|---|
| r-devel-linux-x86_64-debian-clang | 1.1.1 | 2.63 | 26.30 | 28.93 | NOTE | |
| r-devel-linux-x86_64-debian-gcc | 1.1.1 | 2.19 | 22.52 | 24.71 | NOTE | |
| r-devel-linux-x86_64-fedora-clang | 1.1.1 | 45.84 | NOTE | |||
| r-devel-linux-x86_64-fedora-gcc | 1.1.1 | 54.14 | NOTE | |||
| r-devel-windows-x86_64 | 1.1.1 | 6.00 | 46.00 | 52.00 | NOTE | |
| r-patched-linux-x86_64 | 1.1.1 | 2.65 | 24.27 | 26.92 | NOTE | |
| r-release-linux-x86_64 | 1.1.1 | 2.33 | 24.36 | 26.69 | NOTE | |
| r-release-macos-arm64 | 1.1.1 | 4.00 | 65.00 | 69.00 | NOTE | |
| r-release-macos-x86_64 | 1.1.1 | 4.00 | 41.00 | 45.00 | NOTE | |
| r-release-windows-x86_64 | 1.1.1 | 6.00 | 48.00 | 54.00 | NOTE | |
| r-oldrel-macos-arm64 | 1.1.1 | 2.00 | 20.00 | 22.00 | OK | |
| r-oldrel-macos-x86_64 | 1.1.1 | 3.00 | 32.00 | 35.00 | OK | |
| r-oldrel-windows-x86_64 | 1.1.1 | 8.00 | 53.00 | 61.00 | OK |
Version: 1.1.1
Check: CRAN incoming feasibility
Result: NOTE
Maintainer: ‘Peter Meilstrup <peter.meilstrup@gmail.com>’
No Authors@R field in DESCRIPTION.
Please add one, modifying
Authors@R: person(given = "Peter",
family = "Meilstrup",
role = c("aut", "cre"),
email = "peter.meilstrup@gmail.com")
as necessary.
Flavors: r-devel-linux-x86_64-debian-clang, r-devel-linux-x86_64-debian-gcc
Version: 1.1.1
Check: compiled code
Result: NOTE
File ‘memo/libs/memo.so’:
Found non-API calls to R: ‘BODY’, ‘CLOENV’, ‘FORMALS’, ‘PRCODE’
Compiled code should not call non-API entry points in R.
See ‘Writing portable packages’ in the ‘Writing R Extensions’ manual,
and section ‘Moving into C API compliance’ for issues with the use of
non-API entry points.
Flavors: r-devel-linux-x86_64-debian-clang, r-devel-linux-x86_64-debian-gcc, r-devel-linux-x86_64-fedora-clang, r-devel-linux-x86_64-fedora-gcc, r-patched-linux-x86_64, r-release-linux-x86_64, r-release-macos-arm64, r-release-macos-x86_64
Version: 1.1.1
Check: compiled code
Result: NOTE
File 'memo/libs/x64/memo.dll':
Found non-API calls to R: 'BODY', 'CLOENV', 'FORMALS', 'PRCODE'
Compiled code should not call non-API entry points in R.
See 'Writing portable packages' in the 'Writing R Extensions' manual,
and section 'Moving into C API compliance' for issues with the use of
non-API entry points.
Flavors: r-devel-windows-x86_64, r-release-windows-x86_64