CRAN Package Check Results for Package mekko

Last updated on 2025-11-26 17:49:58 CET.

Flavor Version Tinstall Tcheck Ttotal Status Flags
r-devel-linux-x86_64-debian-clang 0.1.0 1.73 32.89 34.62 OK
r-devel-linux-x86_64-debian-gcc 0.1.0 1.39 26.42 27.81 OK
r-devel-linux-x86_64-fedora-clang 0.1.0 51.20 OK
r-devel-linux-x86_64-fedora-gcc 0.1.0 64.85 OK
r-devel-windows-x86_64 0.1.0 5.00 54.00 59.00 OK
r-patched-linux-x86_64 0.1.0 1.54 31.05 32.59 OK
r-release-linux-x86_64 0.1.0 1.64 31.12 32.76 OK
r-release-macos-arm64 0.1.0 OK
r-release-macos-x86_64 0.1.0 1.00 44.00 45.00 OK
r-release-windows-x86_64 0.1.0 4.00 52.00 56.00 OK
r-oldrel-macos-arm64 0.1.0 NOTE
r-oldrel-macos-x86_64 0.1.0 2.00 36.00 38.00 NOTE
r-oldrel-windows-x86_64 0.1.0 5.00 60.00 65.00 NOTE

Check Details

Version: 0.1.0
Check: LazyData
Result: NOTE 'LazyData' is specified without a 'data' directory Flavors: r-oldrel-macos-arm64, r-oldrel-macos-x86_64, r-oldrel-windows-x86_64