Last updated on 2025-10-26 05:50:02 CET.
| Flavor | Version | Tinstall | Tcheck | Ttotal | Status | Flags |
|---|---|---|---|---|---|---|
| r-devel-linux-x86_64-debian-clang | 1.0.1 | 6.61 | 83.15 | 89.76 | OK | |
| r-devel-linux-x86_64-debian-gcc | 1.0.1 | 4.41 | 59.45 | 63.86 | OK | |
| r-devel-linux-x86_64-fedora-clang | 1.0.1 | 14.00 | 128.80 | 142.80 | NOTE | |
| r-devel-linux-x86_64-fedora-gcc | 1.0.1 | 14.00 | 130.37 | 144.37 | NOTE | |
| r-devel-windows-x86_64 | 1.0.1 | 8.00 | 99.00 | 107.00 | OK | |
| r-patched-linux-x86_64 | 1.0.1 | 6.96 | 77.07 | 84.03 | OK | |
| r-release-linux-x86_64 | 1.0.1 | 6.06 | 76.74 | 82.80 | OK | |
| r-release-macos-arm64 | 1.0.1 | 4.00 | 70.00 | 74.00 | OK | |
| r-release-macos-x86_64 | 1.0.1 | 8.00 | 82.00 | 90.00 | OK | |
| r-release-windows-x86_64 | 1.0.1 | 8.00 | 93.00 | 101.00 | OK | |
| r-oldrel-macos-arm64 | 1.0.1 | 3.00 | 40.00 | 43.00 | NOTE | |
| r-oldrel-macos-x86_64 | 1.0.1 | 4.00 | 73.00 | 77.00 | NOTE | |
| r-oldrel-windows-x86_64 | 1.0.1 | 11.00 | 114.00 | 125.00 | NOTE |
Version: 1.0.1
Check: dependencies in R code
Result: NOTE
Namespace in Imports field not imported from: ‘glmnet’
All declared Imports should be used.
Flavors: r-devel-linux-x86_64-fedora-clang, r-devel-linux-x86_64-fedora-gcc
Version: 1.0.1
Check: LazyData
Result: NOTE
'LazyData' is specified without a 'data' directory
Flavors: r-oldrel-macos-arm64, r-oldrel-macos-x86_64, r-oldrel-windows-x86_64