Last updated on 2025-10-25 21:49:44 CEST.
| Flavor | Version | Tinstall | Tcheck | Ttotal | Status | Flags |
|---|---|---|---|---|---|---|
| r-devel-linux-x86_64-debian-clang | 0.8.0 | 91.36 | 398.29 | 489.65 | OK | |
| r-devel-linux-x86_64-debian-gcc | 0.8.0 | 66.44 | 297.53 | 363.97 | OK | |
| r-devel-linux-x86_64-fedora-clang | 0.8.0 | 441.00 | 397.19 | 838.19 | OK | |
| r-devel-linux-x86_64-fedora-gcc | 0.8.0 | 487.00 | 366.17 | 853.17 | OK | |
| r-devel-windows-x86_64 | 0.8.0 | 116.00 | 404.00 | 520.00 | OK | |
| r-patched-linux-x86_64 | 0.8.0 | 99.70 | 390.21 | 489.91 | OK | |
| r-release-linux-x86_64 | 0.8.0 | 97.35 | 385.49 | 482.84 | OK | |
| r-release-macos-arm64 | 0.8.0 | 39.00 | 171.00 | 210.00 | OK | |
| r-release-macos-x86_64 | 0.8.0 | 68.00 | 425.00 | 493.00 | OK | |
| r-release-windows-x86_64 | 0.8.0 | 108.00 | 408.00 | 516.00 | OK | |
| r-oldrel-macos-arm64 | 0.8.0 | 41.00 | 180.00 | 221.00 | NOTE | |
| r-oldrel-macos-x86_64 | 0.8.0 | 75.00 | 402.00 | 477.00 | NOTE | |
| r-oldrel-windows-x86_64 | 0.8.0 | 126.00 | 541.00 | 667.00 | OK |
Version: 0.8.0
Check: installed package size
Result: NOTE
installed size is 22.3Mb
sub-directories of 1Mb or more:
R 2.0Mb
libs 19.8Mb
Flavors: r-oldrel-macos-arm64, r-oldrel-macos-x86_64