Last updated on 2025-11-26 17:49:58 CET.
| Flavor | Version | Tinstall | Tcheck | Ttotal | Status | Flags |
|---|---|---|---|---|---|---|
| r-devel-linux-x86_64-debian-clang | 0.1.2 | 6.95 | 62.61 | 69.56 | NOTE | |
| r-devel-linux-x86_64-debian-gcc | 0.1.2 | 5.25 | 48.78 | 54.03 | NOTE | |
| r-devel-linux-x86_64-fedora-clang | 0.1.2 | 13.00 | 93.97 | 106.97 | NOTE | |
| r-devel-linux-x86_64-fedora-gcc | 0.1.2 | 13.00 | 102.47 | 115.47 | NOTE | |
| r-devel-windows-x86_64 | 0.1.2 | 10.00 | 73.00 | 83.00 | NOTE | |
| r-patched-linux-x86_64 | 0.1.2 | 7.02 | 60.17 | 67.19 | NOTE | |
| r-release-linux-x86_64 | 0.1.2 | 5.72 | 60.33 | 66.05 | NOTE | |
| r-release-macos-arm64 | 0.1.2 | NOTE | ||||
| r-release-macos-x86_64 | 0.1.2 | 6.00 | 90.00 | 96.00 | NOTE | |
| r-release-windows-x86_64 | 0.1.2 | 8.00 | 107.00 | 115.00 | NOTE | |
| r-oldrel-macos-arm64 | 0.1.2 | NOTE | ||||
| r-oldrel-macos-x86_64 | 0.1.2 | 8.00 | 79.00 | 87.00 | NOTE | |
| r-oldrel-windows-x86_64 | 0.1.2 | 10.00 | 93.00 | 103.00 | NOTE |
Version: 0.1.2
Check: Rd files
Result: NOTE
checkRd: (-1) mc.lnOR.Rd:7: Escaped LaTeX specials: \&
Flavors: r-devel-linux-x86_64-debian-clang, r-devel-linux-x86_64-debian-gcc, r-devel-linux-x86_64-fedora-clang, r-devel-linux-x86_64-fedora-gcc, r-devel-windows-x86_64, r-patched-linux-x86_64, r-release-linux-x86_64, r-release-macos-arm64, r-release-macos-x86_64, r-release-windows-x86_64, r-oldrel-macos-arm64, r-oldrel-macos-x86_64, r-oldrel-windows-x86_64
Version: 0.1.2
Check: dependencies in R code
Result: NOTE
Namespace in Imports field not imported from: ‘boot.heterogeneity’
All declared Imports should be used.
Flavors: r-devel-linux-x86_64-fedora-clang, r-devel-linux-x86_64-fedora-gcc
Version: 0.1.2
Check: LazyData
Result: NOTE
'LazyData' is specified without a 'data' directory
Flavors: r-oldrel-macos-arm64, r-oldrel-macos-x86_64, r-oldrel-windows-x86_64