Last updated on 2025-11-26 17:49:58 CET.
| Flavor | Version | Tinstall | Tcheck | Ttotal | Status | Flags |
|---|---|---|---|---|---|---|
| r-devel-linux-x86_64-debian-clang | 1.0.9 | 28.14 | 96.46 | 124.60 | NOTE | |
| r-devel-linux-x86_64-debian-gcc | 1.0.9 | 22.48 | 69.56 | 92.04 | NOTE | |
| r-devel-linux-x86_64-fedora-clang | 1.0.9 | 68.00 | 140.32 | 208.32 | OK | |
| r-devel-linux-x86_64-fedora-gcc | 1.0.9 | 71.00 | 290.84 | 361.84 | OK | |
| r-devel-windows-x86_64 | 1.0.9 | 40.00 | 117.00 | 157.00 | OK | |
| r-patched-linux-x86_64 | 1.0.9 | 31.45 | 92.41 | 123.86 | OK | |
| r-release-linux-x86_64 | 1.0.9 | 31.95 | 92.51 | 124.46 | OK | |
| r-release-macos-arm64 | 1.0.9 | OK | ||||
| r-release-macos-x86_64 | 1.0.9 | 24.00 | 196.00 | 220.00 | OK | |
| r-release-windows-x86_64 | 1.0.9 | 40.00 | 120.00 | 160.00 | OK | |
| r-oldrel-macos-arm64 | 1.0.9 | OK | ||||
| r-oldrel-macos-x86_64 | 1.0.9 | 18.00 | 132.00 | 150.00 | OK | |
| r-oldrel-windows-x86_64 | 1.0.9 | 48.00 | 155.00 | 203.00 | OK |
Version: 1.0.9
Check: CRAN incoming feasibility
Result: NOTE
Maintainer: ‘Utkarsh J. Dang <utkarshdang@cunet.carleton.ca>’
No Authors@R field in DESCRIPTION.
Please add one, modifying
Authors@R: c(person(given = c("Utkarsh", "J."),
family = "Dang",
role = c("aut", "cre"),
email = "utkarshdang@cunet.carleton.ca"),
person(given = c("G.", "Brian"),
family = "Golding",
role = "aut"))
as necessary.
Flavors: r-devel-linux-x86_64-debian-clang, r-devel-linux-x86_64-debian-gcc