Last updated on 2025-07-12 21:50:48 CEST.
Flavor | Version | Tinstall | Tcheck | Ttotal | Status | Flags |
---|---|---|---|---|---|---|
r-devel-linux-x86_64-debian-clang | 0.0.2 | 4.51 | 41.25 | 45.76 | OK | |
r-devel-linux-x86_64-debian-gcc | 0.0.2 | 2.55 | 31.70 | 34.25 | OK | |
r-devel-linux-x86_64-fedora-clang | 0.0.2 | 72.73 | OK | |||
r-devel-linux-x86_64-fedora-gcc | 0.0.2 | 80.19 | OK | |||
r-devel-windows-x86_64 | 0.0.2 | 6.00 | 58.00 | 64.00 | OK | |
r-patched-linux-x86_64 | 0.0.2 | 4.33 | 39.19 | 43.52 | OK | |
r-release-linux-x86_64 | 0.0.2 | 4.29 | 38.75 | 43.04 | OK | |
r-release-macos-arm64 | 0.0.2 | 31.00 | OK | |||
r-release-macos-x86_64 | 0.0.2 | 55.00 | OK | |||
r-release-windows-x86_64 | 0.0.2 | 7.00 | 61.00 | 68.00 | OK | |
r-oldrel-macos-arm64 | 0.0.2 | 29.00 | NOTE | |||
r-oldrel-macos-x86_64 | 0.0.2 | 43.00 | NOTE | |||
r-oldrel-windows-x86_64 | 0.0.2 | 7.00 | 69.00 | 76.00 | NOTE |
Version: 0.0.2
Check: LazyData
Result: NOTE
'LazyData' is specified without a 'data' directory
Flavors: r-oldrel-macos-arm64, r-oldrel-macos-x86_64, r-oldrel-windows-x86_64