Last updated on 2025-10-25 17:48:42 CEST.
| Flavor | Version | Tinstall | Tcheck | Ttotal | Status | Flags |
|---|---|---|---|---|---|---|
| r-devel-linux-x86_64-debian-clang | 1.0.1 | 14.16 | 48.13 | 62.29 | OK | |
| r-devel-linux-x86_64-debian-gcc | 1.0.1 | 12.22 | 35.51 | 47.73 | OK | |
| r-devel-linux-x86_64-fedora-clang | 1.0.1 | 36.00 | 56.74 | 92.74 | OK | |
| r-devel-linux-x86_64-fedora-gcc | 1.0.1 | 26.00 | 61.58 | 87.58 | OK | |
| r-devel-windows-x86_64 | 1.0.1 | 17.00 | 59.00 | 76.00 | OK | |
| r-patched-linux-x86_64 | 1.0.1 | 13.63 | 43.16 | 56.79 | OK | |
| r-release-linux-x86_64 | 1.0.1 | 12.11 | 43.38 | 55.49 | OK | |
| r-release-macos-arm64 | 1.0.1 | 10.00 | 27.00 | 37.00 | OK | |
| r-release-macos-x86_64 | 1.0.1 | 15.00 | 47.00 | 62.00 | OK | |
| r-release-windows-x86_64 | 1.0.1 | 20.00 | 62.00 | 82.00 | OK | |
| r-oldrel-macos-arm64 | 1.0.1 | 12.00 | 30.00 | 42.00 | NOTE | |
| r-oldrel-macos-x86_64 | 1.0.1 | 15.00 | 42.00 | 57.00 | NOTE | |
| r-oldrel-windows-x86_64 | 1.0.1 | 22.00 | 74.00 | 96.00 | NOTE |
Version: 1.0.1
Check: installed package size
Result: NOTE
installed size is 8.5Mb
sub-directories of 1Mb or more:
R 8.4Mb
Flavors: r-oldrel-macos-arm64, r-oldrel-macos-x86_64, r-oldrel-windows-x86_64