Last updated on 2025-10-26 13:50:00 CET.
| Flavor | Version | Tinstall | Tcheck | Ttotal | Status | Flags |
|---|---|---|---|---|---|---|
| r-devel-linux-x86_64-debian-clang | 0.8 | 4.76 | 40.22 | 44.98 | NOTE | |
| r-devel-linux-x86_64-debian-gcc | 0.8 | 3.16 | 31.22 | 34.38 | NOTE | |
| r-devel-linux-x86_64-fedora-clang | 0.8 | 10.00 | 58.51 | 68.51 | OK | |
| r-devel-linux-x86_64-fedora-gcc | 0.8 | 62.87 | OK | |||
| r-devel-windows-x86_64 | 0.8 | 6.00 | 54.00 | 60.00 | OK | |
| r-patched-linux-x86_64 | 0.8 | 4.02 | 37.47 | 41.49 | OK | |
| r-release-linux-x86_64 | 0.8 | 4.38 | 37.36 | 41.74 | OK | |
| r-release-macos-arm64 | 0.8 | 3.00 | 28.00 | 31.00 | OK | |
| r-release-macos-x86_64 | 0.8 | 4.00 | 39.00 | 43.00 | OK | |
| r-release-windows-x86_64 | 0.8 | 6.00 | 55.00 | 61.00 | OK | |
| r-oldrel-macos-arm64 | 0.8 | 2.00 | 22.00 | 24.00 | OK | |
| r-oldrel-macos-x86_64 | 0.8 | 3.00 | 31.00 | 34.00 | OK | |
| r-oldrel-windows-x86_64 | 0.8 | 8.00 | 63.00 | 71.00 | OK |
Version: 0.8
Check: CRAN incoming feasibility
Result: NOTE
Maintainer: ‘Rahul Premraj <r.premraj+mailR@gmail.com>’
No Authors@R field in DESCRIPTION.
Please add one, modifying
Authors@R: person(given = "Rahul",
family = "Premraj",
role = c("aut", "cre"),
email = "r.premraj+mailr@gmail.com")
as necessary.
Flavors: r-devel-linux-x86_64-debian-clang, r-devel-linux-x86_64-debian-gcc