Last updated on 2025-10-25 13:48:41 CEST.
| Flavor | Version | Tinstall | Tcheck | Ttotal | Status | Flags |
|---|---|---|---|---|---|---|
| r-devel-linux-x86_64-debian-clang | 0.2 | 1.83 | 26.79 | 28.62 | NOTE | |
| r-devel-linux-x86_64-debian-gcc | 0.2 | 1.55 | 22.17 | 23.72 | NOTE | |
| r-devel-linux-x86_64-fedora-clang | 0.2 | 42.47 | OK | |||
| r-devel-linux-x86_64-fedora-gcc | 0.2 | 18.00 | 40.82 | 58.82 | NOTE | |
| r-devel-windows-x86_64 | 0.2 | 3.00 | 44.00 | 47.00 | OK | |
| r-patched-linux-x86_64 | 0.2 | 1.75 | 24.78 | 26.53 | OK | |
| r-release-linux-x86_64 | 0.2 | 1.31 | 24.95 | 26.26 | OK | |
| r-release-macos-arm64 | 0.2 | 1.00 | 30.00 | 31.00 | OK | |
| r-release-macos-x86_64 | 0.2 | 2.00 | 52.00 | 54.00 | OK | |
| r-release-windows-x86_64 | 0.2 | 3.00 | 45.00 | 48.00 | OK | |
| r-oldrel-macos-arm64 | 0.2 | 1.00 | 22.00 | 23.00 | OK | |
| r-oldrel-macos-x86_64 | 0.2 | 2.00 | 30.00 | 32.00 | OK | |
| r-oldrel-windows-x86_64 | 0.2 | 4.00 | 50.00 | 54.00 | OK |
Version: 0.2
Check: Rd files
Result: NOTE
checkRd: (-1) maddison.Rd:33-43: Only 2 columns allowed in this table (row 1 has 1)
checkRd: (-1) maddison.Rd:33-43: Only 2 columns allowed in this table (row 2 has 1)
checkRd: (-1) maddison.Rd:33-43: Only 2 columns allowed in this table (row 3 has 1)
Flavors: r-devel-linux-x86_64-debian-clang, r-devel-linux-x86_64-debian-gcc, r-devel-linux-x86_64-fedora-gcc