Last updated on 2025-10-25 09:49:35 CEST.
| Flavor | Version | Tinstall | Tcheck | Ttotal | Status | Flags |
|---|---|---|---|---|---|---|
| r-devel-linux-x86_64-fedora-clang | 4.0 | 28.00 | 63.41 | 91.41 | OK | |
| r-devel-linux-x86_64-fedora-gcc | 4.0 | 25.00 | 59.57 | 84.57 | OK | |
| r-devel-windows-x86_64 | 4.0 | 5.00 | 74.00 | 79.00 | OK | |
| r-release-macos-arm64 | 4.0 | 5.00 | 37.00 | 42.00 | OK | |
| r-release-macos-x86_64 | 4.0 | 5.00 | 40.00 | 45.00 | OK | |
| r-release-windows-x86_64 | 4.0 | 7.00 | 52.00 | 59.00 | OK | |
| r-oldrel-macos-arm64 | 4.0 | 4.00 | 29.00 | 33.00 | NOTE | |
| r-oldrel-macos-x86_64 | 4.0 | 5.00 | 33.00 | 38.00 | NOTE | |
| r-oldrel-windows-x86_64 | 4.0 | 7.00 | 57.00 | 64.00 | OK |
Version: 4.0
Check: package dependencies
Result: NOTE
Packages suggested but not available for checking: 'lumi', 'beadarray'
Flavor: r-oldrel-macos-arm64
Version: 4.0
Check: package dependencies
Result: NOTE
Package suggested but not available for checking: ‘lumi’
Flavor: r-oldrel-macos-x86_64