Last updated on 2025-10-26 09:50:00 CET.
| Flavor | Version | Tinstall | Tcheck | Ttotal | Status | Flags |
|---|---|---|---|---|---|---|
| r-devel-linux-x86_64-debian-clang | 0.3.2 | 18.92 | 76.48 | 95.40 | OK | |
| r-devel-linux-x86_64-debian-gcc | 0.3.2 | 14.48 | 57.61 | 72.09 | OK | |
| r-devel-linux-x86_64-fedora-clang | 0.3.2 | 50.00 | 104.72 | 154.72 | OK | |
| r-devel-linux-x86_64-fedora-gcc | 0.3.2 | 33.00 | 114.78 | 147.78 | OK | |
| r-devel-windows-x86_64 | 0.3.2 | 23.00 | 130.00 | 153.00 | OK | |
| r-patched-linux-x86_64 | 0.3.2 | 17.03 | 75.03 | 92.06 | OK | |
| r-release-linux-x86_64 | 0.3.2 | 17.47 | 74.67 | 92.14 | OK | |
| r-release-macos-arm64 | 0.3.2 | 14.00 | 49.00 | 63.00 | OK | |
| r-release-macos-x86_64 | 0.3.2 | 16.00 | 121.00 | 137.00 | OK | |
| r-release-windows-x86_64 | 0.3.2 | 24.00 | 124.00 | 148.00 | OK | |
| r-oldrel-macos-arm64 | 0.3.2 | 13.00 | 39.00 | 52.00 | NOTE | |
| r-oldrel-macos-x86_64 | 0.3.2 | 19.00 | 67.00 | 86.00 | NOTE | |
| r-oldrel-windows-x86_64 | 0.3.2 | 29.00 | 146.00 | 175.00 | NOTE |
Version: 0.3.2
Check: installed package size
Result: NOTE
installed size is 6.0Mb
sub-directories of 1Mb or more:
R 5.0Mb
Flavors: r-oldrel-macos-arm64, r-oldrel-macos-x86_64, r-oldrel-windows-x86_64