Last updated on 2025-07-12 21:50:47 CEST.
Flavor | Version | Tinstall | Tcheck | Ttotal | Status | Flags |
---|---|---|---|---|---|---|
r-devel-linux-x86_64-debian-clang | 1.3.5 | 142.06 | 287.18 | 429.24 | OK | |
r-devel-linux-x86_64-debian-gcc | 1.3.5 | 130.40 | 206.28 | 336.68 | OK | |
r-devel-linux-x86_64-fedora-clang | 1.3.5 | 714.83 | OK | |||
r-devel-linux-x86_64-fedora-gcc | 1.3.5 | 787.72 | OK | |||
r-devel-windows-x86_64 | 1.3.4 | 143.00 | 357.00 | 500.00 | OK | |
r-patched-linux-x86_64 | 1.3.5 | 157.93 | 278.62 | 436.55 | OK | |
r-release-linux-x86_64 | 1.3.5 | 154.28 | 278.22 | 432.50 | OK | |
r-release-macos-arm64 | 1.3.4 | 193.00 | OK | |||
r-release-macos-x86_64 | 1.3.5 | 239.00 | OK | |||
r-release-windows-x86_64 | 1.3.5 | 148.00 | 411.00 | 559.00 | OK | |
r-oldrel-macos-arm64 | 1.3.4 | 190.00 | NOTE | |||
r-oldrel-macos-x86_64 | 1.3.5 | 269.00 | NOTE | |||
r-oldrel-windows-x86_64 | 1.3.5 | 115.00 | 340.00 | 455.00 | OK |
Version: 1.3.4
Check: installed package size
Result: NOTE
installed size is 10.6Mb
sub-directories of 1Mb or more:
libs 9.8Mb
Flavor: r-oldrel-macos-arm64
Version: 1.3.5
Check: installed package size
Result: NOTE
installed size is 9.8Mb
sub-directories of 1Mb or more:
libs 9.0Mb
Flavor: r-oldrel-macos-x86_64