CRAN Package Check Results for Package longitudinalANAL

Last updated on 2025-07-10 17:49:05 CEST.

Flavor Version Tinstall Tcheck Ttotal Status Flags
r-devel-linux-x86_64-debian-clang 0.2 6.06 40.51 46.57 NOTE
r-devel-linux-x86_64-debian-gcc 0.2 4.22 29.23 33.45 NOTE
r-devel-linux-x86_64-fedora-clang 0.2 72.57 OK
r-devel-linux-x86_64-fedora-gcc 0.2 68.14 OK
r-devel-windows-x86_64 0.2 7.00 54.00 61.00 OK
r-patched-linux-x86_64 0.2 5.34 38.00 43.34 OK
r-release-linux-x86_64 0.2 5.39 37.68 43.07 OK
r-release-macos-arm64 0.2 29.00 OK
r-release-macos-x86_64 0.2 41.00 OK
r-release-windows-x86_64 0.2 6.00 56.00 62.00 OK
r-oldrel-macos-arm64 0.2 24.00 OK
r-oldrel-macos-x86_64 0.2 34.00 OK
r-oldrel-windows-x86_64 0.2 8.00 64.00 72.00 OK

Check Details

Version: 0.2
Check: CRAN incoming feasibility
Result: NOTE Maintainer: ‘Zhuowei Sun <sunzw21@mails.jlu.edu.cn>’ The Description field contains this package: Sun, Z. et al. (2023) <arXiv:2305.17715> and Liu, C. et al. (2023) <arXiv:2305.17662>. Please refer to arXiv e-prints via their arXiv DOI <doi:10.48550/arXiv.YYMM.NNNNN>. Flavors: r-devel-linux-x86_64-debian-clang, r-devel-linux-x86_64-debian-gcc