CRAN Package Check Results for Package locatexec

Last updated on 2025-07-12 13:48:30 CEST.

Flavor Version Tinstall Tcheck Ttotal Status Flags
r-devel-linux-x86_64-debian-clang 0.1.1 2.06 23.29 25.35 OK
r-devel-linux-x86_64-debian-gcc 0.1.1 1.65 18.50 20.15 OK
r-devel-linux-x86_64-fedora-clang 0.1.1 38.24 NOTE
r-devel-linux-x86_64-fedora-gcc 0.1.1 37.02 NOTE
r-devel-windows-x86_64 0.1.1 4.00 54.00 58.00 OK
r-patched-linux-x86_64 0.1.1 2.53 20.82 23.35 OK
r-release-linux-x86_64 0.1.1 2.08 20.88 22.96 OK
r-release-macos-arm64 0.1.1 20.00 OK
r-release-macos-x86_64 0.1.1 71.00 OK
r-release-windows-x86_64 0.1.1 3.00 56.00 59.00 OK
r-oldrel-macos-arm64 0.1.1 23.00 OK
r-oldrel-macos-x86_64 0.1.1 42.00 OK
r-oldrel-windows-x86_64 0.1.1 4.00 51.00 55.00 OK

Check Details

Version: 0.1.1
Check: for detritus in the temp directory
Result: NOTE Found the following files/directories: ‘node-compile-cache’ Flavors: r-devel-linux-x86_64-fedora-clang, r-devel-linux-x86_64-fedora-gcc