Last updated on 2025-10-26 13:49:59 CET.
| Flavor | Version | Tinstall | Tcheck | Ttotal | Status | Flags |
|---|---|---|---|---|---|---|
| r-devel-linux-x86_64-debian-clang | 0.1.1 | 2.02 | 25.09 | 27.11 | OK | |
| r-devel-linux-x86_64-debian-gcc | 0.1.1 | 1.69 | 19.71 | 21.40 | OK | |
| r-devel-linux-x86_64-fedora-clang | 0.1.1 | 39.32 | NOTE | |||
| r-devel-linux-x86_64-fedora-gcc | 0.1.1 | 36.84 | NOTE | |||
| r-devel-windows-x86_64 | 0.1.1 | 4.00 | 56.00 | 60.00 | OK | |
| r-patched-linux-x86_64 | 0.1.1 | 2.14 | 22.80 | 24.94 | OK | |
| r-release-linux-x86_64 | 0.1.1 | 1.96 | 22.59 | 24.55 | OK | |
| r-release-macos-arm64 | 0.1.1 | 1.00 | 19.00 | 20.00 | OK | |
| r-release-macos-x86_64 | 0.1.1 | 2.00 | 69.00 | 71.00 | OK | |
| r-release-windows-x86_64 | 0.1.1 | 3.00 | 56.00 | 59.00 | OK | |
| r-oldrel-macos-arm64 | 0.1.1 | 1.00 | 22.00 | 23.00 | OK | |
| r-oldrel-macos-x86_64 | 0.1.1 | 2.00 | 40.00 | 42.00 | OK | |
| r-oldrel-windows-x86_64 | 0.1.1 | 4.00 | 51.00 | 55.00 | OK |
Version: 0.1.1
Check: for detritus in the temp directory
Result: NOTE
Found the following files/directories:
‘node-compile-cache’
Flavors: r-devel-linux-x86_64-fedora-clang, r-devel-linux-x86_64-fedora-gcc