Last updated on 2025-07-12 21:50:47 CEST.
Flavor | Version | Tinstall | Tcheck | Ttotal | Status | Flags |
---|---|---|---|---|---|---|
r-devel-linux-x86_64-debian-clang | 3.1.6 | 58.72 | 266.72 | 325.44 | OK | |
r-devel-linux-x86_64-debian-gcc | 3.1.6 | 44.82 | 187.45 | 232.27 | OK | |
r-devel-linux-x86_64-fedora-clang | 3.1.6 | 544.93 | NOTE | |||
r-devel-linux-x86_64-fedora-gcc | 3.1.6 | 528.76 | NOTE | |||
r-devel-windows-x86_64 | 3.1.6 | 73.00 | 292.00 | 365.00 | OK | |
r-patched-linux-x86_64 | 3.1.6 | 65.63 | 253.30 | 318.93 | OK | |
r-release-linux-x86_64 | 3.1.6 | 59.35 | 252.33 | 311.68 | OK | |
r-release-macos-arm64 | 3.1.6 | 163.00 | OK | |||
r-release-macos-x86_64 | 3.1.6 | 335.00 | OK | |||
r-release-windows-x86_64 | 3.1.6 | 76.00 | 325.00 | 401.00 | OK | |
r-oldrel-macos-arm64 | 3.1.6 | 100.00 | NOTE | |||
r-oldrel-macos-x86_64 | 3.1.6 | 158.00 | NOTE | |||
r-oldrel-windows-x86_64 | 3.1.6 | 92.00 | 374.00 | 466.00 | NOTE |
Version: 3.1.6
Check: dependencies in R code
Result: NOTE
Namespaces in Imports field not imported from:
‘purrr’ ‘readr’
All declared Imports should be used.
Flavors: r-devel-linux-x86_64-fedora-clang, r-devel-linux-x86_64-fedora-gcc
Version: 3.1.6
Check: installed package size
Result: NOTE
installed size is 9.5Mb
sub-directories of 1Mb or more:
doc 4.0Mb
libs 5.2Mb
Flavors: r-oldrel-macos-arm64, r-oldrel-macos-x86_64, r-oldrel-windows-x86_64
Version: 3.1.6
Check: for GNU extensions in Makefiles
Result: NOTE
GNU make is a SystemRequirements.
Flavors: r-oldrel-macos-arm64, r-oldrel-macos-x86_64, r-oldrel-windows-x86_64