Last updated on 2025-10-26 13:49:59 CET.
| Flavor | Version | Tinstall | Tcheck | Ttotal | Status | Flags |
|---|---|---|---|---|---|---|
| r-devel-linux-x86_64-debian-clang | 1.0.90 | 15.97 | 166.59 | 182.56 | OK | |
| r-devel-linux-x86_64-debian-gcc | 1.0.90 | 10.31 | 121.76 | 132.07 | OK | |
| r-devel-linux-x86_64-fedora-clang | 1.0.90 | 26.00 | 259.43 | 285.43 | OK | |
| r-devel-linux-x86_64-fedora-gcc | 1.0.90 | 29.00 | 268.73 | 297.73 | OK | |
| r-devel-windows-x86_64 | 1.0.90 | 17.00 | 191.00 | 208.00 | OK | |
| r-patched-linux-x86_64 | 1.0.90 | 16.70 | 166.84 | 183.54 | OK | |
| r-release-linux-x86_64 | 1.0.90 | 16.01 | 168.90 | 184.91 | OK | |
| r-release-macos-arm64 | 1.0.90 | 7.00 | 86.00 | 93.00 | OK | |
| r-release-macos-x86_64 | 1.0.90 | 16.00 | 163.00 | 179.00 | OK | |
| r-release-windows-x86_64 | 1.0.90 | 18.00 | 190.00 | 208.00 | OK | |
| r-oldrel-macos-arm64 | 1.0.90 | 8.00 | 91.00 | 99.00 | NOTE | |
| r-oldrel-macos-x86_64 | 1.0.90 | 24.00 | 165.00 | 189.00 | NOTE | |
| r-oldrel-windows-x86_64 | 1.0.90 | 23.00 | 235.00 | 258.00 | OK |
Version: 1.0.90
Check: installed package size
Result: NOTE
installed size is 5.4Mb
sub-directories of 1Mb or more:
data 4.4Mb
Flavors: r-oldrel-macos-arm64, r-oldrel-macos-x86_64