Last updated on 2025-10-25 17:48:41 CEST.
| Flavor | Version | Tinstall | Tcheck | Ttotal | Status | Flags |
|---|---|---|---|---|---|---|
| r-devel-linux-x86_64-debian-clang | 0.2.4 | 24.20 | 202.14 | 226.34 | OK | |
| r-devel-linux-x86_64-debian-gcc | 0.2.4 | 15.90 | 148.80 | 164.70 | OK | |
| r-devel-linux-x86_64-fedora-clang | 0.2.4 | 118.00 | 255.83 | 373.83 | OK | |
| r-devel-linux-x86_64-fedora-gcc | 0.2.4 | 46.00 | 283.88 | 329.88 | OK | |
| r-devel-windows-x86_64 | 0.2.4 | 23.00 | 173.00 | 196.00 | OK | |
| r-patched-linux-x86_64 | 0.2.4 | 22.53 | 193.68 | 216.21 | OK | |
| r-release-linux-x86_64 | 0.2.4 | 22.41 | 195.59 | 218.00 | OK | |
| r-release-macos-arm64 | 0.2.4 | 16.00 | 88.00 | 104.00 | OK | |
| r-release-macos-x86_64 | 0.2.4 | 25.00 | 191.00 | 216.00 | OK | |
| r-release-windows-x86_64 | 0.2.4 | 2.00 | 5.00 | 7.00 | ERROR | |
| r-oldrel-macos-arm64 | 0.2.4 | 10.00 | 72.00 | 82.00 | OK | |
| r-oldrel-macos-x86_64 | 0.2.4 | 16.00 | 149.00 | 165.00 | OK | |
| r-oldrel-windows-x86_64 | 0.2.4 | 30.00 | 218.00 | 248.00 | OK |
Version: 0.2.4
Check: whether package can be installed
Result: ERROR
Installation failed.
Flavor: r-release-windows-x86_64