CRAN Package Check Results for Package llogistic

Last updated on 2025-11-26 09:51:20 CET.

Flavor Version Tinstall Tcheck Ttotal Status Flags
r-devel-linux-x86_64-debian-clang 1.0.3 1.44 18.23 19.67 OK
r-devel-linux-x86_64-debian-gcc 1.0.3 1.34 15.26 16.60 OK
r-devel-linux-x86_64-fedora-clang 1.0.3 29.78 OK
r-devel-linux-x86_64-fedora-gcc 1.0.3 28.12 OK
r-devel-windows-x86_64 1.0.3 2.00 38.00 40.00 OK
r-patched-linux-x86_64 1.0.3 1.67 17.30 18.97 OK
r-release-linux-x86_64 1.0.3 1.55 17.40 18.95 OK
r-release-macos-arm64 1.0.3 OK
r-release-macos-x86_64 1.0.3 2.00 26.00 28.00 OK
r-release-windows-x86_64 1.0.3 2.00 36.00 38.00 OK
r-oldrel-macos-arm64 1.0.3 NOTE
r-oldrel-macos-x86_64 1.0.3 1.00 19.00 20.00 NOTE
r-oldrel-windows-x86_64 1.0.3 4.00 37.00 41.00 NOTE

Check Details

Version: 1.0.3
Check: LazyData
Result: NOTE 'LazyData' is specified without a 'data' directory Flavors: r-oldrel-macos-arm64, r-oldrel-macos-x86_64, r-oldrel-windows-x86_64