Last updated on 2025-10-25 21:49:43 CEST.
| Flavor | Version | Tinstall | Tcheck | Ttotal | Status | Flags |
|---|---|---|---|---|---|---|
| r-devel-linux-x86_64-debian-clang | 0.1.0 | 1.56 | 31.12 | 32.68 | NOTE | |
| r-devel-linux-x86_64-debian-gcc | 0.1.0 | 1.67 | 24.94 | 26.61 | NOTE | |
| r-devel-linux-x86_64-fedora-clang | 0.1.0 | 51.21 | NOTE | |||
| r-devel-linux-x86_64-fedora-gcc | 0.1.0 | 61.15 | NOTE | |||
| r-devel-windows-x86_64 | 0.1.0 | 4.00 | 57.00 | 61.00 | NOTE | |
| r-patched-linux-x86_64 | 0.1.0 | 1.66 | 28.44 | 30.10 | NOTE | |
| r-release-linux-x86_64 | 0.1.0 | 2.07 | 28.38 | 30.45 | NOTE | |
| r-release-macos-arm64 | 0.1.0 | 2.00 | 67.00 | 69.00 | NOTE | |
| r-release-macos-x86_64 | 0.1.0 | 2.00 | 50.00 | 52.00 | NOTE | |
| r-release-windows-x86_64 | 0.1.0 | 4.00 | 57.00 | 61.00 | NOTE | |
| r-oldrel-macos-arm64 | 0.1.0 | 1.00 | 24.00 | 25.00 | OK | |
| r-oldrel-macos-x86_64 | 0.1.0 | 2.00 | 36.00 | 38.00 | OK | |
| r-oldrel-windows-x86_64 | 0.1.0 | 4.00 | 63.00 | 67.00 | OK |
Version: 0.1.0
Check: DESCRIPTION meta-information
Result: NOTE
Missing dependency on R >= 4.1.0 because package code uses the pipe
|> or function shorthand \(...) syntax added in R 4.1.0.
File(s) using such syntax:
‘list_bind.R’
Flavors: r-devel-linux-x86_64-debian-clang, r-devel-linux-x86_64-debian-gcc, r-devel-linux-x86_64-fedora-clang, r-devel-linux-x86_64-fedora-gcc, r-devel-windows-x86_64, r-patched-linux-x86_64, r-release-linux-x86_64, r-release-macos-arm64, r-release-macos-x86_64, r-release-windows-x86_64