Last updated on 2025-07-17 21:50:50 CEST.
Flavor | Version | Tinstall | Tcheck | Ttotal | Status | Flags |
---|---|---|---|---|---|---|
r-devel-linux-x86_64-debian-clang | 0.1.1 | 1.59 | 24.93 | 26.52 | OK | |
r-devel-linux-x86_64-debian-gcc | 0.1.1 | 1.47 | 21.21 | 22.68 | OK | |
r-devel-linux-x86_64-fedora-clang | 0.1.1 | 41.21 | OK | |||
r-devel-linux-x86_64-fedora-gcc | 0.1.1 | 53.06 | OK | |||
r-devel-windows-x86_64 | 0.1.1 | 3.00 | 51.00 | 54.00 | OK | |
r-patched-linux-x86_64 | 0.1.1 | 1.76 | 22.73 | 24.49 | OK | |
r-release-linux-x86_64 | 0.1.1 | 1.74 | 22.60 | 24.34 | OK | |
r-release-macos-arm64 | 0.1.1 | 22.00 | OK | |||
r-release-macos-x86_64 | 0.1.1 | 43.00 | OK | |||
r-release-windows-x86_64 | 0.1.1 | 3.00 | 51.00 | 54.00 | OK | |
r-oldrel-macos-arm64 | 0.1.1 | 22.00 | NOTE | |||
r-oldrel-macos-x86_64 | 0.1.1 | 33.00 | NOTE | |||
r-oldrel-windows-x86_64 | 0.1.1 | 3.00 | 56.00 | 59.00 | NOTE |
Version: 0.1.1
Check: LazyData
Result: NOTE
'LazyData' is specified without a 'data' directory
Flavors: r-oldrel-macos-arm64, r-oldrel-macos-x86_64, r-oldrel-windows-x86_64