Last updated on 2025-10-25 21:49:43 CEST.
| Flavor | Version | Tinstall | Tcheck | Ttotal | Status | Flags |
|---|---|---|---|---|---|---|
| r-devel-linux-x86_64-debian-clang | 2.0.1 | 2.30 | 24.48 | 26.78 | NOTE | |
| r-devel-linux-x86_64-debian-gcc | 2.0.1 | 1.92 | 20.20 | 22.12 | NOTE | |
| r-devel-linux-x86_64-fedora-clang | 2.0.1 | 43.29 | OK | |||
| r-devel-linux-x86_64-fedora-gcc | 2.0.1 | 38.76 | OK | |||
| r-devel-windows-x86_64 | 2.0.1 | 3.00 | 44.00 | 47.00 | OK | |
| r-patched-linux-x86_64 | 2.0.1 | 2.92 | 22.89 | 25.81 | OK | |
| r-release-linux-x86_64 | 2.0.1 | 2.78 | 23.25 | 26.03 | OK | |
| r-release-macos-arm64 | 2.0.1 | 2.00 | 18.00 | 20.00 | OK | |
| r-release-macos-x86_64 | 2.0.1 | 3.00 | 32.00 | 35.00 | OK | |
| r-release-windows-x86_64 | 2.0.1 | 3.00 | 44.00 | 47.00 | OK | |
| r-oldrel-macos-arm64 | 2.0.1 | 1.00 | 15.00 | 16.00 | OK | |
| r-oldrel-macos-x86_64 | 2.0.1 | 2.00 | 21.00 | 23.00 | OK | |
| r-oldrel-windows-x86_64 | 2.0.1 | 5.00 | 49.00 | 54.00 | OK |
Version: 2.0.1
Check: CRAN incoming feasibility
Result: NOTE
Maintainer: ‘Mauro Sereno <mauro.sereno@unibo.it>’
No Authors@R field in DESCRIPTION.
Please add one, modifying
Authors@R: person(given = "Mauro",
family = "Sereno",
role = c("aut", "cre"),
email = "mauro.sereno@unibo.it")
as necessary.
Flavors: r-devel-linux-x86_64-debian-clang, r-devel-linux-x86_64-debian-gcc