Last updated on 2025-10-25 17:48:41 CEST.
| Flavor | Version | Tinstall | Tcheck | Ttotal | Status | Flags |
|---|---|---|---|---|---|---|
| r-devel-linux-x86_64-debian-clang | 0.1.2 | 3.83 | 39.90 | 43.73 | NOTE | |
| r-devel-linux-x86_64-debian-gcc | 0.1.2 | 2.80 | 30.56 | 33.36 | NOTE | |
| r-devel-linux-x86_64-fedora-clang | 0.1.2 | 13.00 | 54.20 | 67.20 | OK | |
| r-devel-linux-x86_64-fedora-gcc | 0.1.2 | 79.48 | OK | |||
| r-devel-windows-x86_64 | 0.1.2 | 5.00 | 59.00 | 64.00 | OK | |
| r-patched-linux-x86_64 | 0.1.2 | 3.89 | 36.96 | 40.85 | OK | |
| r-release-linux-x86_64 | 0.1.2 | 3.83 | 36.53 | 40.36 | OK | |
| r-release-macos-arm64 | 0.1.2 | 2.00 | 29.00 | 31.00 | OK | |
| r-release-macos-x86_64 | 0.1.2 | 6.00 | 61.00 | 67.00 | OK | |
| r-release-windows-x86_64 | 0.1.2 | 5.00 | 60.00 | 65.00 | OK | |
| r-oldrel-macos-arm64 | 0.1.2 | 2.00 | 28.00 | 30.00 | NOTE | |
| r-oldrel-macos-x86_64 | 0.1.2 | 3.00 | 39.00 | 42.00 | NOTE | |
| r-oldrel-windows-x86_64 | 0.1.2 | 8.00 | 67.00 | 75.00 | NOTE |
Version: 0.1.2
Check: CRAN incoming feasibility
Result: NOTE
Maintainer: ‘Vishesh Shrivastav <vishesh2k6@gmail.com>’
No Authors@R field in DESCRIPTION.
Please add one, modifying
Authors@R: person(given = "Vishesh",
family = "Shrivastav",
role = c("aut", "cre"),
email = "vishesh2k6@gmail.com")
as necessary.
Flavors: r-devel-linux-x86_64-debian-clang, r-devel-linux-x86_64-debian-gcc
Version: 0.1.2
Check: LazyData
Result: NOTE
'LazyData' is specified without a 'data' directory
Flavors: r-oldrel-macos-arm64, r-oldrel-macos-x86_64, r-oldrel-windows-x86_64