Last updated on 2025-10-26 09:50:00 CET.
| Flavor | Version | Tinstall | Tcheck | Ttotal | Status | Flags | 
|---|---|---|---|---|---|---|
| r-devel-linux-x86_64-debian-clang | 3.4.0-5 | 248.84 | 23.00 | 271.84 | OK | |
| r-devel-linux-x86_64-debian-gcc | 3.4.0-5 | 169.63 | 19.35 | 188.98 | OK | |
| r-devel-linux-x86_64-fedora-clang | 3.4.0-5 | 720.00 | 31.45 | 751.45 | OK | |
| r-devel-linux-x86_64-fedora-gcc | 3.4.0-5 | 560.00 | -8.86 | 551.14 | OK | |
| r-devel-windows-x86_64 | 3.4.0-5 | 420.00 | 84.00 | 504.00 | OK | |
| r-patched-linux-x86_64 | 3.4.0-5 | 255.99 | 21.17 | 277.16 | OK | |
| r-release-linux-x86_64 | 3.4.0-5 | 251.99 | 21.50 | 273.49 | OK | |
| r-release-macos-arm64 | 3.4.0-5 | 80.00 | 17.00 | 97.00 | OK | |
| r-release-macos-x86_64 | 3.4.0-5 | 222.00 | 28.00 | 250.00 | OK | |
| r-release-windows-x86_64 | 3.4.0-5 | 387.00 | 79.00 | 466.00 | OK | |
| r-oldrel-macos-arm64 | 3.4.0-5 | 76.00 | 22.00 | 98.00 | NOTE | |
| r-oldrel-macos-x86_64 | 3.4.0-5 | 217.00 | 33.00 | 250.00 | NOTE | |
| r-oldrel-windows-x86_64 | 3.4.0-5 | 371.00 | 92.00 | 463.00 | NOTE | 
Version: 3.4.0-5
Check: installed package size
Result: NOTE
    installed size is 10.7Mb
    sub-directories of 1Mb or more:
      data      1.1Mb
      include   1.0Mb
      lib       4.8Mb
      libs      3.6Mb
Flavors: r-oldrel-macos-arm64, r-oldrel-macos-x86_64, r-oldrel-windows-x86_64
Version: 3.4.0-5
Check: for GNU extensions in Makefiles
Result: NOTE
  GNU make is a SystemRequirements.
Flavors: r-oldrel-macos-arm64, r-oldrel-macos-x86_64, r-oldrel-windows-x86_64