Last updated on 2025-10-25 09:49:34 CEST.
| Flavor | Version | Tinstall | Tcheck | Ttotal | Status | Flags |
|---|---|---|---|---|---|---|
| r-devel-linux-x86_64-debian-clang | 1.1.0 | 2.92 | 23.15 | 26.07 | OK | |
| r-devel-linux-x86_64-debian-gcc | 1.1.0 | 2.33 | 18.99 | 21.32 | OK | |
| r-devel-linux-x86_64-fedora-clang | 1.1.0 | 15.00 | 24.71 | 39.71 | OK | |
| r-devel-linux-x86_64-fedora-gcc | 1.1.0 | 35.27 | OK | |||
| r-devel-windows-x86_64 | 1.1.0 | 6.00 | 43.00 | 49.00 | OK | |
| r-patched-linux-x86_64 | 1.1.0 | 2.83 | 20.67 | 23.50 | OK | |
| r-release-linux-x86_64 | 1.1.0 | 2.87 | 20.71 | 23.58 | OK | |
| r-release-macos-arm64 | 1.1.0 | 3.00 | 13.00 | 16.00 | OK | |
| r-release-macos-x86_64 | 1.1.0 | 4.00 | 22.00 | 26.00 | OK | |
| r-release-windows-x86_64 | 1.1.0 | 6.00 | 44.00 | 50.00 | OK | |
| r-oldrel-macos-arm64 | 1.1.0 | 2.00 | 15.00 | 17.00 | NOTE | |
| r-oldrel-macos-x86_64 | 1.1.0 | 3.00 | 21.00 | 24.00 | NOTE | |
| r-oldrel-windows-x86_64 | 1.1.0 | 7.00 | 48.00 | 55.00 | NOTE |
Version: 1.1.0
Check: LazyData
Result: NOTE
'LazyData' is specified without a 'data' directory
Flavors: r-oldrel-macos-arm64, r-oldrel-macos-x86_64, r-oldrel-windows-x86_64