CRAN Package Check Results for Package less

Last updated on 2025-11-26 05:51:40 CET.

Flavor Version Tinstall Tcheck Ttotal Status Flags
r-devel-linux-x86_64-debian-clang 0.1.0 32.30 139.59 171.89 NOTE
r-devel-linux-x86_64-debian-gcc 0.1.0 19.97 99.84 119.81 NOTE
r-devel-linux-x86_64-fedora-clang 0.1.0 73.00 195.32 268.32 NOTE
r-devel-linux-x86_64-fedora-gcc 0.1.0 68.00 183.66 251.66 NOTE
r-devel-windows-x86_64 0.1.0 33.00 138.00 171.00 OK
r-patched-linux-x86_64 0.1.0 31.95 125.77 157.72 OK
r-release-linux-x86_64 0.1.0 30.03 127.44 157.47 OK
r-release-macos-arm64 0.1.0 OK
r-release-macos-x86_64 0.1.0 25.00 91.00 116.00 OK
r-release-windows-x86_64 0.1.0 31.00 136.00 167.00 OK
r-oldrel-macos-arm64 0.1.0 OK
r-oldrel-macos-x86_64 0.1.0 19.00 71.00 90.00 OK
r-oldrel-windows-x86_64 0.1.0 46.00 173.00 219.00 OK

Check Details

Version: 0.1.0
Check: CRAN incoming feasibility
Result: NOTE Maintainer: ‘Burhan Ozer Cavdar <bcavdar17@ku.edu.tr>’ The Description field contains <arXiv:2112.06251>. Please refer to arXiv e-prints via their arXiv DOI <doi:10.48550/arXiv.YYMM.NNNNN>. Flavors: r-devel-linux-x86_64-debian-clang, r-devel-linux-x86_64-debian-gcc

Version: 0.1.0
Check: dependencies in R code
Result: NOTE Namespace in Imports field not imported from: ‘R6’ All declared Imports should be used. Flavors: r-devel-linux-x86_64-fedora-clang, r-devel-linux-x86_64-fedora-gcc