Last updated on 2025-10-27 09:50:37 CET.
| Flavor | Version | Tinstall | Tcheck | Ttotal | Status | Flags |
|---|---|---|---|---|---|---|
| r-devel-linux-x86_64-debian-clang | 0.2.1 | 58.32 | 457.09 | 515.41 | OK | |
| r-devel-linux-x86_64-debian-gcc | 0.2.1 | 41.52 | 275.70 | 317.22 | OK | |
| r-devel-linux-x86_64-fedora-clang | 0.2.1 | 259.00 | 632.76 | 891.76 | OK | |
| r-devel-linux-x86_64-fedora-gcc | 0.2.1 | 134.00 | 714.58 | 848.58 | OK | |
| r-devel-windows-x86_64 | 0.2.1 | 67.00 | 364.00 | 431.00 | OK | |
| r-patched-linux-x86_64 | 0.2.1 | 61.77 | 449.57 | 511.34 | OK | |
| r-release-linux-x86_64 | 0.2.1 | 59.15 | 450.58 | 509.73 | OK | |
| r-release-macos-arm64 | 0.2.1 | 30.00 | 278.00 | 308.00 | OK | |
| r-release-macos-x86_64 | 0.2.1 | 61.00 | 464.00 | 525.00 | OK | |
| r-release-windows-x86_64 | 0.2.1 | 66.00 | 360.00 | 426.00 | OK | |
| r-oldrel-macos-arm64 | 0.2.1 | 21.00 | 151.00 | 172.00 | NOTE | |
| r-oldrel-macos-x86_64 | 0.2.1 | 36.00 | 293.00 | 329.00 | NOTE | |
| r-oldrel-windows-x86_64 | 0.2.1 | 80.00 | 585.00 | 665.00 | NOTE |
Version: 0.2.1
Check: installed package size
Result: NOTE
installed size is 6.0Mb
sub-directories of 1Mb or more:
libs 4.9Mb
Flavors: r-oldrel-macos-arm64, r-oldrel-macos-x86_64
Version: 0.2.1
Check: package dependencies
Result: NOTE
Package suggested but not available for checking: 'doMC'
Flavor: r-oldrel-windows-x86_64