Last updated on 2025-10-26 13:49:59 CET.
| Flavor | Version | Tinstall | Tcheck | Ttotal | Status | Flags |
|---|---|---|---|---|---|---|
| r-devel-linux-x86_64-debian-clang | 1.2.1 | 2.83 | 33.16 | 35.99 | NOTE | |
| r-devel-linux-x86_64-debian-gcc | 1.2.1 | 1.99 | 24.78 | 26.77 | NOTE | |
| r-devel-linux-x86_64-fedora-clang | 1.2.1 | 55.38 | NOTE | |||
| r-devel-linux-x86_64-fedora-gcc | 1.2.1 | 49.87 | NOTE | |||
| r-devel-windows-x86_64 | 1.2.1 | 7.00 | 49.00 | 56.00 | NOTE | |
| r-patched-linux-x86_64 | 1.2.1 | 2.97 | 30.27 | 33.24 | NOTE | |
| r-release-linux-x86_64 | 1.2.1 | 2.38 | 30.06 | 32.44 | NOTE | |
| r-release-macos-arm64 | 1.2.1 | 2.00 | 18.00 | 20.00 | NOTE | |
| r-release-macos-x86_64 | 1.2.1 | 2.00 | 31.00 | 33.00 | NOTE | |
| r-release-windows-x86_64 | 1.2.1 | 10.00 | 53.00 | 63.00 | NOTE | |
| r-oldrel-macos-arm64 | 1.2.1 | 2.00 | 18.00 | 20.00 | OK | |
| r-oldrel-macos-x86_64 | 1.2.1 | 2.00 | 27.00 | 29.00 | OK | |
| r-oldrel-windows-x86_64 | 1.2.1 | 10.00 | 59.00 | 69.00 | OK |
Version: 1.2.1
Check: DESCRIPTION meta-information
Result: NOTE
Missing dependency on R >= 4.1.0 because package code uses the pipe
|> or function shorthand \(...) syntax added in R 4.1.0.
File(s) using such syntax:
‘legendSymbols.Rd’
Flavors: r-devel-linux-x86_64-debian-clang, r-devel-linux-x86_64-debian-gcc, r-devel-linux-x86_64-fedora-clang, r-devel-linux-x86_64-fedora-gcc, r-devel-windows-x86_64, r-patched-linux-x86_64, r-release-linux-x86_64, r-release-macos-arm64, r-release-macos-x86_64, r-release-windows-x86_64