Last updated on 2025-10-25 17:48:41 CEST.
| Flavor | Version | Tinstall | Tcheck | Ttotal | Status | Flags |
|---|---|---|---|---|---|---|
| r-devel-linux-x86_64-debian-clang | 0.3.5 | 27.83 | 253.95 | 281.78 | NOTE | |
| r-devel-linux-x86_64-debian-gcc | 0.3.5 | 17.71 | 158.72 | 176.43 | NOTE | |
| r-devel-linux-x86_64-fedora-clang | 0.3.5 | 85.00 | 388.19 | 473.19 | NOTE | |
| r-devel-linux-x86_64-fedora-gcc | 0.3.5 | 61.00 | 364.88 | 425.88 | NOTE | |
| r-devel-windows-x86_64 | 0.3.5 | 25.00 | 202.00 | 227.00 | NOTE | |
| r-patched-linux-x86_64 | 0.3.5 | 25.06 | 243.94 | 269.00 | NOTE | |
| r-release-linux-x86_64 | 0.3.5 | 24.58 | 239.05 | 263.63 | NOTE | |
| r-release-macos-arm64 | 0.3.5 | 12.00 | 91.00 | 103.00 | NOTE | |
| r-release-macos-x86_64 | 0.3.5 | 22.00 | 183.00 | 205.00 | NOTE | |
| r-release-windows-x86_64 | 0.3.5 | 27.00 | 199.00 | 226.00 | NOTE | |
| r-oldrel-macos-arm64 | 0.3.5 | 10.00 | 78.00 | 88.00 | NOTE | |
| r-oldrel-macos-x86_64 | 0.3.5 | 18.00 | 138.00 | 156.00 | NOTE | |
| r-oldrel-windows-x86_64 | 0.3.5 | 37.00 | 266.00 | 303.00 | NOTE |
Version: 0.3.5
Check: package subdirectories
Result: NOTE
Problems with news in ‘NEWS.md’:
Cannot extract version info from the following section titles:
light.interception.voxels() - This function create the Fraction absorbed incident light
light.interception.raster() - Create a raster of Fraction absorbed incident light
light.incident.voxels() - This function create the Fraction incident light
light.incident.raster() - Create a raster of the Fraction incident light
Flavors: r-devel-linux-x86_64-debian-clang, r-devel-linux-x86_64-debian-gcc, r-devel-linux-x86_64-fedora-clang, r-devel-linux-x86_64-fedora-gcc, r-devel-windows-x86_64, r-patched-linux-x86_64, r-release-linux-x86_64, r-release-macos-arm64, r-release-macos-x86_64, r-release-windows-x86_64, r-oldrel-macos-arm64, r-oldrel-macos-x86_64, r-oldrel-windows-x86_64