Last updated on 2025-10-26 21:51:07 CET.
| Flavor | Version | Tinstall | Tcheck | Ttotal | Status | Flags |
|---|---|---|---|---|---|---|
| r-devel-linux-x86_64-debian-clang | 0.0.2 | 30.24 | 68.83 | 99.07 | WARN | |
| r-devel-linux-x86_64-debian-gcc | 0.0.2 | 20.65 | 49.24 | 69.89 | WARN | |
| r-devel-linux-x86_64-fedora-clang | 0.0.2 | 106.00 | 55.14 | 161.14 | NOTE | |
| r-devel-linux-x86_64-fedora-gcc | 0.0.2 | 50.00 | 119.30 | 169.30 | NOTE | |
| r-devel-windows-x86_64 | 0.0.2 | 37.00 | 101.00 | 138.00 | NOTE | |
| r-patched-linux-x86_64 | 0.0.2 | 35.12 | 63.23 | 98.35 | NOTE | |
| r-release-linux-x86_64 | 0.0.2 | 30.62 | 62.71 | 93.33 | NOTE | |
| r-release-macos-arm64 | 0.0.2 | 12.00 | 42.00 | 54.00 | NOTE | |
| r-release-macos-x86_64 | 0.0.2 | 26.00 | 89.00 | 115.00 | NOTE | |
| r-release-windows-x86_64 | 0.0.2 | 37.00 | 98.00 | 135.00 | NOTE | |
| r-oldrel-macos-arm64 | 0.0.2 | 13.00 | 35.00 | 48.00 | NOTE | |
| r-oldrel-macos-x86_64 | 0.0.2 | 26.00 | 76.00 | 102.00 | NOTE | |
| r-oldrel-windows-x86_64 | 0.0.2 | 44.00 | 121.00 | 165.00 | NOTE |
Version: 0.0.2
Check: whether package can be installed
Result: WARN
Found the following significant warnings:
/home/hornik/tmp/R.check/r-devel-clang/Work/build/Packages/RcppArmadillo/include/RcppArmadillo/version/arma.h:66:17: warning: Using fallback compilation with Armadillo 14.6.3. Please consider defining -DARMA_USE_CURRENT and also removing C++11 compilation directive. See GitHub issue #475 for more. [-W#pragma-messages]
See ‘/home/hornik/tmp/R.check/r-devel-clang/Work/PKGS/ldsr.Rcheck/00install.out’ for details.
* used C++ compiler: ‘Debian clang version 19.1.7 (7)’
Flavor: r-devel-linux-x86_64-debian-clang
Version: 0.0.2
Check: C++ specification
Result: NOTE
Specified C++11: please drop specification unless essential
Flavors: r-devel-linux-x86_64-debian-clang, r-devel-linux-x86_64-debian-gcc, r-devel-linux-x86_64-fedora-clang, r-devel-linux-x86_64-fedora-gcc, r-devel-windows-x86_64, r-patched-linux-x86_64, r-release-linux-x86_64, r-release-macos-arm64, r-release-macos-x86_64, r-release-windows-x86_64, r-oldrel-macos-arm64, r-oldrel-macos-x86_64, r-oldrel-windows-x86_64
Version: 0.0.2
Check: package subdirectories
Result: NOTE
Problems with news in ‘NEWS.md’:
No news entries found.
Flavors: r-devel-linux-x86_64-debian-clang, r-devel-linux-x86_64-debian-gcc, r-devel-linux-x86_64-fedora-clang, r-devel-linux-x86_64-fedora-gcc, r-devel-windows-x86_64, r-patched-linux-x86_64, r-release-linux-x86_64, r-release-macos-arm64, r-release-macos-x86_64, r-release-windows-x86_64, r-oldrel-macos-arm64, r-oldrel-macos-x86_64, r-oldrel-windows-x86_64
Version: 0.0.2
Check: whether package can be installed
Result: WARN
Found the following significant warnings:
/home/hornik/tmp/R.check/r-devel-gcc/Work/build/Packages/RcppArmadillo/include/RcppArmadillo/version/arma.h:66:199: note: ‘#pragma message: Using fallback compilation with Armadillo 14.6.3. Please consider defining -DARMA_USE_CURRENT and also removing C++11 compilation directive. See GitHub issue #475 for more.’
See ‘/home/hornik/tmp/R.check/r-devel-gcc/Work/PKGS/ldsr.Rcheck/00install.out’ for details.
* used C++ compiler: ‘g++-15 (Debian 15.2.0-4) 15.2.0’
Flavor: r-devel-linux-x86_64-debian-gcc