Last updated on 2025-10-25 17:48:41 CEST.
| Flavor | Version | Tinstall | Tcheck | Ttotal | Status | Flags |
|---|---|---|---|---|---|---|
| r-devel-linux-x86_64-debian-clang | 0.3.2 | 2.27 | 37.18 | 39.45 | NOTE | |
| r-devel-linux-x86_64-debian-gcc | 0.3.2 | 1.88 | 26.35 | 28.23 | NOTE | |
| r-devel-linux-x86_64-fedora-clang | 0.3.2 | 61.90 | OK | |||
| r-devel-linux-x86_64-fedora-gcc | 0.3.2 | 57.59 | OK | |||
| r-devel-windows-x86_64 | 0.3.2 | 4.00 | 51.00 | 55.00 | OK | |
| r-patched-linux-x86_64 | 0.3.2 | 2.43 | 35.05 | 37.48 | OK | |
| r-release-linux-x86_64 | 0.3.2 | 2.27 | 34.87 | 37.14 | OK | |
| r-release-macos-arm64 | 0.3.2 | 1.00 | 19.00 | 20.00 | OK | |
| r-release-macos-x86_64 | 0.3.2 | 2.00 | 32.00 | 34.00 | OK | |
| r-release-windows-x86_64 | 0.3.2 | 4.00 | 55.00 | 59.00 | OK | |
| r-oldrel-macos-arm64 | 0.3.2 | 2.00 | 18.00 | 20.00 | OK | |
| r-oldrel-macos-x86_64 | 0.3.2 | 2.00 | 28.00 | 30.00 | OK | |
| r-oldrel-windows-x86_64 | 0.3.2 | 4.00 | 62.00 | 66.00 | OK |
Version: 0.3.2
Check: CRAN incoming feasibility
Result: NOTE
Maintainer: ‘Michael Buecker <michael.buecker@fh-muenster.de>’
No Authors@R field in DESCRIPTION.
Please add one, modifying
Authors@R: person(given = "Michael",
family = "Buecker",
role = c("aut", "cre"),
email = "michael.buecker@fh-muenster.de")
as necessary.
Flavors: r-devel-linux-x86_64-debian-clang, r-devel-linux-x86_64-debian-gcc