Last updated on 2025-10-26 17:50:38 CET.
| Flavor | Version | Tinstall | Tcheck | Ttotal | Status | Flags |
|---|---|---|---|---|---|---|
| r-devel-linux-x86_64-debian-clang | 1.2 | 5.81 | 56.90 | 62.71 | NOTE | |
| r-devel-linux-x86_64-debian-gcc | 1.2 | 4.87 | 44.83 | 49.70 | NOTE | |
| r-devel-linux-x86_64-fedora-clang | 1.2 | 21.00 | 80.29 | 101.29 | OK | |
| r-devel-linux-x86_64-fedora-gcc | 1.2 | 15.00 | 75.94 | 90.94 | OK | |
| r-devel-windows-x86_64 | 1.2 | 7.00 | 73.00 | 80.00 | OK | |
| r-patched-linux-x86_64 | 1.2 | 6.43 | 54.85 | 61.28 | OK | |
| r-release-linux-x86_64 | 1.2 | 7.23 | 54.39 | 61.62 | OK | |
| r-release-macos-arm64 | 1.2 | 3.00 | 31.00 | 34.00 | OK | |
| r-release-macos-x86_64 | 1.2 | 9.00 | 79.00 | 88.00 | OK | |
| r-release-windows-x86_64 | 1.2 | 7.00 | 73.00 | 80.00 | OK | |
| r-oldrel-macos-arm64 | 1.2 | 3.00 | 29.00 | 32.00 | OK | |
| r-oldrel-macos-x86_64 | 1.2 | 4.00 | 43.00 | 47.00 | OK | |
| r-oldrel-windows-x86_64 | 1.2 | 12.00 | 85.00 | 97.00 | OK |
Version: 1.2
Check: CRAN incoming feasibility
Result: NOTE
Maintainer: ‘Layla Parast <parast@austin.utexas.edu>’
No Authors@R field in DESCRIPTION.
Please add one, modifying
Authors@R: person(given = "Layla",
family = "Parast",
role = c("aut", "cre"),
email = "parast@austin.utexas.edu")
as necessary.
Flavors: r-devel-linux-x86_64-debian-clang, r-devel-linux-x86_64-debian-gcc