Last updated on 2025-10-25 13:48:40 CEST.
| Flavor | Version | Tinstall | Tcheck | Ttotal | Status | Flags |
|---|---|---|---|---|---|---|
| r-devel-linux-x86_64-debian-clang | 0.0.1 | 2.63 | 37.76 | 40.39 | OK | |
| r-devel-linux-x86_64-debian-gcc | 0.0.1 | 2.19 | 28.34 | 30.53 | OK | |
| r-devel-linux-x86_64-fedora-clang | 0.0.1 | 62.63 | NOTE | |||
| r-devel-linux-x86_64-fedora-gcc | 0.0.1 | 56.38 | NOTE | |||
| r-devel-windows-x86_64 | 0.0.1 | 4.00 | 58.00 | 62.00 | OK | |
| r-patched-linux-x86_64 | 0.0.1 | 2.56 | 34.36 | 36.92 | OK | |
| r-release-linux-x86_64 | 0.0.1 | 2.64 | 35.17 | 37.81 | OK | |
| r-release-macos-arm64 | 0.0.1 | 1.00 | 19.00 | 20.00 | OK | |
| r-release-macos-x86_64 | 0.0.1 | 2.00 | 35.00 | 37.00 | OK | |
| r-release-windows-x86_64 | 0.0.1 | 6.00 | 58.00 | 64.00 | OK | |
| r-oldrel-macos-arm64 | 0.0.1 | 1.00 | 21.00 | 22.00 | OK | |
| r-oldrel-macos-x86_64 | 0.0.1 | 3.00 | 51.00 | 54.00 | OK | |
| r-oldrel-windows-x86_64 | 0.0.1 | 6.00 | 66.00 | 72.00 | OK |
Version: 0.0.1
Check: dependencies in R code
Result: NOTE
Namespaces in Imports field not imported from:
‘bslib’ ‘ggplot2’ ‘shinydashboard’
All declared Imports should be used.
Flavors: r-devel-linux-x86_64-fedora-clang, r-devel-linux-x86_64-fedora-gcc