CRAN Package Check Results for Package kfino

Last updated on 2025-10-25 17:48:40 CEST.

Flavor Version Tinstall Tcheck Ttotal Status Flags
r-devel-linux-x86_64-debian-clang 1.0.0 7.69 225.43 233.12 NOTE
r-devel-linux-x86_64-debian-gcc 1.0.0 5.42 147.92 153.34 NOTE
r-devel-linux-x86_64-fedora-clang 1.0.0 39.00 342.95 381.95 NOTE
r-devel-linux-x86_64-fedora-gcc 1.0.0 16.00 359.94 375.94 NOTE
r-devel-windows-x86_64 1.0.0 10.00 247.00 257.00 NOTE
r-patched-linux-x86_64 1.0.0 7.72 216.90 224.62 NOTE
r-release-linux-x86_64 1.0.0 7.53 216.76 224.29 NOTE
r-release-macos-arm64 1.0.0 4.00 110.00 114.00 NOTE
r-release-macos-x86_64 1.0.0 5.00 156.00 161.00 NOTE
r-release-windows-x86_64 1.0.0 13.00 242.00 255.00 NOTE
r-oldrel-macos-arm64 1.0.0 3.00 74.00 77.00 NOTE
r-oldrel-macos-x86_64 1.0.0 5.00 114.00 119.00 NOTE
r-oldrel-windows-x86_64 1.0.0 12.00 314.00 326.00 NOTE

Check Details

Version: 1.0.0
Check: CRAN incoming feasibility
Result: NOTE Maintainer: ‘Isabelle Sanchez <isabelle.sanchez@inrae.fr>’ The Description field contains e-Print: <arXiv:2208.00961>. Please refer to arXiv e-prints via their arXiv DOI <doi:10.48550/arXiv.YYMM.NNNNN>. Flavors: r-devel-linux-x86_64-debian-clang, r-devel-linux-x86_64-debian-gcc

Version: 1.0.0
Check: Rd files
Result: NOTE checkRd: (-1) kfino_plot.Rd:52: Lost braces; missing escapes or markup? 52 | plus the OK values. Prediction corresponds to E[X_{t} | Y_{1...t}] | ^ checkRd: (-1) kfino_plot.Rd:52: Lost braces; missing escapes or markup? 52 | plus the OK values. Prediction corresponds to E[X_{t} | Y_{1...t}] | ^ Flavors: r-devel-linux-x86_64-debian-clang, r-devel-linux-x86_64-debian-gcc, r-devel-linux-x86_64-fedora-clang, r-devel-linux-x86_64-fedora-gcc, r-devel-windows-x86_64, r-patched-linux-x86_64, r-release-linux-x86_64, r-release-macos-arm64, r-release-macos-x86_64, r-release-windows-x86_64, r-oldrel-macos-arm64, r-oldrel-macos-x86_64, r-oldrel-windows-x86_64